{"id":100,"date":"2018-06-28T21:13:53","date_gmt":"2018-06-28T19:13:53","guid":{"rendered":"http:\/\/assofwi.fr\/?page_id=100"},"modified":"2025-01-20T14:40:27","modified_gmt":"2025-01-20T13:40:27","slug":"lequipe","status":"publish","type":"page","link":"https:\/\/assofwi.fr\/?page_id=100","title":{"rendered":"L&rsquo;\u00e9quipe"},"content":{"rendered":"\n<p>En 2025, l&rsquo;\u00e9quipe de l&rsquo;Assofwi est compos\u00e9e de 5 personnes:\u00a0<\/p>\n\n\n\n<p>&#8211; Muguette Albert, responsable administrative<\/p>\n\n\n\n<p>&#8211; Maeva Marcin, conseill\u00e8re agronome<\/p>\n\n\n\n<p>&#8211; Christian Bienvenu, ouvrier agricole<\/p>\n\n\n\n<p>&#8211; Marie-Aim\u00e9e Francisque, ouvri\u00e8re agricole<\/p>\n\n\n\n<p>&#8211; Serge Dalibot, ouvrier agricole<\/p>\n\n\n\n<p><\/p>\n\n\n\n<p>Des stagiaires sont accueillis ponctuellement et sont les bienvenus pour venir compl\u00e9ter notre petite \u00e9quipe, que ce soit pour des stages ouvriers comme pour des missions de recherche et d\u00e9veloppement.&nbsp;<\/p>\n\n\n\n<p>Nous accueillons \u00e9galement des volontaires en Service Civique: le Service Civique vise \u00e0 mobiliser les jeunes sur les d\u00e9fis sociaux et environnementaux en leur proposant un cadre d\u2019engagement dans lequel ils pourront m\u00fbrir, gagner en confiance et en comp\u00e9tences. &nbsp;<\/p>\n\n\n\n<p><a href=\"https:\/\/www.service-civique.gouv.fr\/\" target=\"_blank\" rel=\"noreferrer noopener\">https:\/\/www.service-civique.gouv.fr\/<\/a><\/p>\n","protected":false},"excerpt":{"rendered":"<p>En 2025, l&rsquo;\u00e9quipe de l&rsquo;Assofwi est compos\u00e9e de 5 personnes:\u00a0 &#8211; Muguette Albert, responsable administrative &#8211; Maeva Marcin, conseill\u00e8re agronome &#8211; Christian Bienvenu, ouvrier agricole &#8211; Marie-Aim\u00e9e Francisque, ouvri\u00e8re agricole &#8211; Serge Dalibot, ouvrier agricole Des stagiaires sont accueillis ponctuellement et sont les bienvenus pour venir compl\u00e9ter notre petite \u00e9quipe, que ce soit pour des &hellip; <\/p>\n<p class=\"link-more\"><a href=\"https:\/\/assofwi.fr\/?page_id=100\" class=\"more-link\">Continuer la lecture<span class=\"screen-reader-text\"> de &laquo;&nbsp;L&rsquo;\u00e9quipe&nbsp;&raquo;<\/span><\/a><\/p>\n","protected":false},"author":1,"featured_media":0,"parent":0,"menu_order":0,"comment_status":"closed","ping_status":"closed","template":"","meta":{"spay_email":""},"jetpack_sharing_enabled":true,"jetpack_shortlink":"https:\/\/wp.me\/Pa25wg-1C","jetpack-related-posts":[],"_links":{"self":[{"href":"https:\/\/assofwi.fr\/index.php?rest_route=\/wp\/v2\/pages\/100"}],"collection":[{"href":"https:\/\/assofwi.fr\/index.php?rest_route=\/wp\/v2\/pages"}],"about":[{"href":"https:\/\/assofwi.fr\/index.php?rest_route=\/wp\/v2\/types\/page"}],"author":[{"embeddable":true,"href":"https:\/\/assofwi.fr\/index.php?rest_route=\/wp\/v2\/users\/1"}],"replies":[{"embeddable":true,"href":"https:\/\/assofwi.fr\/index.php?rest_route=%2Fwp%2Fv2%2Fcomments&post=100"}],"version-history":[{"count":5,"href":"https:\/\/assofwi.fr\/index.php?rest_route=\/wp\/v2\/pages\/100\/revisions"}],"predecessor-version":[{"id":986,"href":"https:\/\/assofwi.fr\/index.php?rest_route=\/wp\/v2\/pages\/100\/revisions\/986"}],"wp:attachment":[{"href":"https:\/\/assofwi.fr\/index.php?rest_route=%2Fwp%2Fv2%2Fmedia&parent=100"}],"curies":[{"name":"wp","href":"https:\/\/api.w.org\/{rel}","templated":true}]}}

L&rsquo;équipe

<p>En 2025, l&rsquo;équipe de l&rsquo;Assofwi est composée de 5 personnes: </p>



<p>&#8211; Muguette Albert, responsable administrative</p>



<p>&#8211; Maeva Marcin, conseillère agronome</p>



<p>&#8211; Christian Bienvenu, ouvrier agricole</p>



<p>&#8211; Marie-Aimée Francisque, ouvrière agricole</p>



<p>&#8211; Serge Dalibot, ouvrier agricole</p>



<p></p>



<p>Des stagiaires sont accueillis ponctuellement et sont les bienvenus pour venir compléter notre petite équipe, que ce soit pour des stages ouvriers comme pour des missions de recherche et développement.&nbsp;</p>



<p>Nous accueillons également des volontaires en Service Civique: le Service Civique vise à mobiliser les jeunes sur les défis sociaux et environnementaux en leur proposant un cadre d’engagement dans lequel ils pourront mûrir, gagner en confiance et en compétences. &nbsp;</p>



<p><a href="https://www.service-civique.gouv.fr/" target="_blank" rel="noreferrer noopener">https://www.service-civique.gouv.fr/</a></p>

<p>En 2025, l&rsquo;équipe de l&rsquo;Assofwi est composée de 5 personnes:  &#8211; Muguette Albert, responsable administrative &#8211; Maeva Marcin, conseillère agronome &#8211; Christian Bienvenu, ouvrier agricole &#8211; Marie-Aimée Francisque, ouvrière agricole &#8211; Serge Dalibot, ouvrier agricole Des stagiaires sont accueillis ponctuellement et sont les bienvenus pour venir compléter notre petite équipe, que ce soit pour des &hellip; </p>
<p class="link-more"><a href="https://assofwi.fr/?page_id=100" class="more-link">Continuer la lecture<span class="screen-reader-text"> de &laquo;&nbsp;L&rsquo;équipe&nbsp;&raquo;</span></a></p>
