{"id":101,"date":"2018-06-28T21:15:57","date_gmt":"2018-06-28T19:15:57","guid":{"rendered":"http:\/\/assofwi.fr\/?page_id=101"},"modified":"2025-01-20T15:47:27","modified_gmt":"2025-01-20T14:47:27","slug":"services-aux-adherents","status":"publish","type":"page","link":"https:\/\/assofwi.fr\/?page_id=101","title":{"rendered":"Services aux adh\u00e9rents"},"content":{"rendered":"<p style=\"text-align: justify;\"><em>Le premier objectif de l\u2019Assofwi est de mettre en place un encadrement technique personnalis\u00e9, pointu et innovant, qui permet aux producteurs de d\u00e9velopper efficacement des productions fruiti\u00e8res durables.<\/em><\/p>\n<p style=\"text-align: justify;\"><strong><em>Pour la mission d\u2019encadrement technique, les techniciens agricoles de l\u2019Assofwi agissent \u00e0 travers\u2026\u00a0:<\/em><\/strong><\/p>\n<ul class=\"ili-indent\">\n<li style=\"text-align: justify;\">Des visites de parcelles ou d\u2019exploitation<\/li>\n<li style=\"text-align: justify;\">La r\u00e9daction de dossiers techniques et administratifs<\/li>\n<li style=\"text-align: justify;\">L\u2019\u00e9laboration et la diffusion aux adh\u00e9rents de fiches ou de manuels techniques<\/li>\n<li style=\"text-align: justify;\">La mise en place de r\u00e9unions d\u2019information et de travail<\/li>\n<li style=\"text-align: justify;\">La rencontre des producteurs \u00e0 l&rsquo;Assofwi<\/li>\n<li style=\"text-align: justify;\">La d\u00e9fense des int\u00e9r\u00eats des professionnels lors des diff\u00e9rentes r\u00e9unions avec les partenaires<\/li>\n<li style=\"text-align: justify;\">La mise \u00e0 disposition d\u2019un centre de documentation technico-\u00e9conomiques sur les productions fruiti\u00e8res tropicales<\/li>\n<\/ul>\n<p style=\"text-align: justify;\"><strong><em>\u2026 ils dispensent ainsi des conseils pour la conduite de cultures\u2026\u00a0:<\/em><\/strong><\/p>\n<ul class=\"ili-indent\">\n<li style=\"text-align: justify;\">Quant \u00e0 la lutte int\u00e9gr\u00e9e contre les ravageurs<\/li>\n<li style=\"text-align: justify;\">Quant au travail du sol<\/li>\n<li style=\"text-align: justify;\">Quant \u00e0 la gestion de l\u2019enherbement<\/li>\n<li style=\"text-align: justify;\">Quant \u00e0 la fertilisation<\/li>\n<li style=\"text-align: justify;\">Quant \u00e0 la plantation<\/li>\n<li style=\"text-align: justify;\">Quant \u00e0 la gestion globale de l\u2019exploitation<\/li>\n<\/ul>\n<p style=\"text-align: justify;\"><strong><em>\u2026 et soutiennent les producteurs, sous certaines conditions, dans la gestion de leur exploitation en r\u00e9alisant\u00a0:<\/em><\/strong><\/p>\n<ul class=\"ili-indent\">\n<li style=\"text-align: justify;\">Un suivi des op\u00e9rations culturales via la distribution d\u2019un cahier d\u2019exploitation<\/li>\n<\/ul>\n<ul class=\"ili-indent\">\n<li style=\"text-align: justify;\">Des dossiers li\u00e9s \u00e0 des difficult\u00e9s d\u2019exploitation (calamit\u00e9s, probl\u00e8mes d\u2019acc\u00e8s aux parcelles, etc.)<\/li>\n<\/ul>\n<ul class=\"ili-indent\">\n<li style=\"text-align: justify;\">Des dossiers de demandes d\u2019aides (plantation, modernisation des exploitations, de projets de d\u00e9veloppement d\u2019exploitation pour les jeunes producteurs en installation, etc.)<\/li>\n<\/ul>\n<ul class=\"ili-indent\">\n<li style=\"text-align: justify;\">La d\u00e9claration de surfaces des adh\u00e9rents \u00e0 la DAAF<\/li>\n<\/ul>\n<ul class=\"ili-indent\">\n<li style=\"text-align: justify;\">Le diagnostic agro-environnemental de l\u2019exploitation avant l\u2019engagement du producteur dans des MAE<\/li>\n<\/ul>\n<ul class=\"ili-indent\">\n<li style=\"text-align: justify;\">Les v\u00e9rifications de conformit\u00e9 r\u00e9glementaire de l\u2019exploitation<\/li>\n<\/ul>\n<p style=\"text-align: justify;\">Pour adh\u00e9rer, ou pour plus d\u2019informations, remplissez le formulaire ci-dessous!<\/p>\n\n\n<div role=\"form\" class=\"wpcf7\" id=\"wpcf7-f990-o1\" lang=\"fr-FR\" dir=\"ltr\">\n<div class=\"screen-reader-response\"><p role=\"status\" aria-live=\"polite\" aria-atomic=\"true\"><\/p> <ul><\/ul><\/div>\n<form action=\"\/index.php?rest_route=%2Fwp%2Fv2%2Fpages%2F101#wpcf7-f990-o1\" method=\"post\" class=\"wpcf7-form init\" novalidate=\"novalidate\" data-status=\"init\">\n<div style=\"display: none;\">\n<input type=\"hidden\" name=\"_wpcf7\" value=\"990\" \/>\n<input type=\"hidden\" name=\"_wpcf7_version\" value=\"5.3\" \/>\n<input type=\"hidden\" name=\"_wpcf7_locale\" value=\"fr_FR\" \/>\n<input type=\"hidden\" name=\"_wpcf7_unit_tag\" value=\"wpcf7-f990-o1\" \/>\n<input type=\"hidden\" name=\"_wpcf7_container_post\" value=\"0\" \/>\n<input type=\"hidden\" name=\"_wpcf7_posted_data_hash\" value=\"\" \/>\n<\/div>\n<p><label> Nom<br \/>\n    <span class=\"wpcf7-form-control-wrap your-name\"><input type=\"text\" name=\"your-name\" value=\"\" size=\"40\" class=\"wpcf7-form-control wpcf7-text wpcf7-validates-as-required\" aria-required=\"true\" aria-invalid=\"false\" \/><\/span> <\/label><\/p>\n<p><label> Email<br \/>\n    <span class=\"wpcf7-form-control-wrap your-email\"><input type=\"email\" name=\"your-email\" value=\"\" size=\"40\" class=\"wpcf7-form-control wpcf7-text wpcf7-email wpcf7-validates-as-required wpcf7-validates-as-email\" aria-required=\"true\" aria-invalid=\"false\" \/><\/span> <\/label><\/p>\n<p><label> Objet<br \/>\n    <span class=\"wpcf7-form-control-wrap your-subject\"><input type=\"text\" name=\"your-subject\" value=\"\" size=\"40\" class=\"wpcf7-form-control wpcf7-text wpcf7-validates-as-required\" aria-required=\"true\" aria-invalid=\"false\" \/><\/span> <\/label><\/p>\n<p><label> Message<br \/>\n    <span class=\"wpcf7-form-control-wrap your-message\"><textarea name=\"your-message\" cols=\"40\" rows=\"10\" class=\"wpcf7-form-control wpcf7-textarea\" aria-invalid=\"false\"><\/textarea><\/span> <\/label><\/p>\n<p><input type=\"submit\" value=\"Envoyer\" class=\"wpcf7-form-control wpcf7-submit\" \/><\/p>\n<div class=\"wpcf7-response-output\" aria-hidden=\"true\"><\/div><\/form><\/div>\n\n\n\n<div class=\"wp-block-image\"><figure class=\"alignright size-large is-resized\"><img data-attachment-id=\"710\" data-permalink=\"https:\/\/assofwi.fr\/?attachment_id=710\" data-orig-file=\"https:\/\/i2.wp.com\/assofwi.fr\/wp-content\/uploads\/2023\/03\/logo_feader-400px.jpg?fit=400%2C275&amp;ssl=1\" data-orig-size=\"400,275\" data-comments-opened=\"0\" data-image-meta=\"{&quot;aperture&quot;:&quot;0&quot;,&quot;credit&quot;:&quot;&quot;,&quot;camera&quot;:&quot;&quot;,&quot;caption&quot;:&quot;&quot;,&quot;created_timestamp&quot;:&quot;0&quot;,&quot;copyright&quot;:&quot;&quot;,&quot;focal_length&quot;:&quot;0&quot;,&quot;iso&quot;:&quot;0&quot;,&quot;shutter_speed&quot;:&quot;0&quot;,&quot;title&quot;:&quot;&quot;,&quot;orientation&quot;:&quot;1&quot;}\" data-image-title=\"logo_feader-400px\" data-image-description=\"\" data-medium-file=\"https:\/\/i2.wp.com\/assofwi.fr\/wp-content\/uploads\/2023\/03\/logo_feader-400px.jpg?fit=300%2C206&amp;ssl=1\" data-large-file=\"https:\/\/i2.wp.com\/assofwi.fr\/wp-content\/uploads\/2023\/03\/logo_feader-400px.jpg?fit=400%2C275&amp;ssl=1\" loading=\"lazy\" src=\"https:\/\/i2.wp.com\/assofwi.fr\/wp-content\/uploads\/2023\/03\/logo_feader-400px.jpg?resize=147%2C101&#038;ssl=1\" alt=\"\" class=\"wp-image-710\" width=\"147\" height=\"101\" srcset=\"https:\/\/i2.wp.com\/assofwi.fr\/wp-content\/uploads\/2023\/03\/logo_feader-400px.jpg?w=400&amp;ssl=1 400w, https:\/\/i2.wp.com\/assofwi.fr\/wp-content\/uploads\/2023\/03\/logo_feader-400px.jpg?resize=300%2C206&amp;ssl=1 300w\" sizes=\"(max-width: 147px) 100vw, 147px\" data-recalc-dims=\"1\" \/><\/figure><\/div>\n\n\n\n<div class=\"wp-block-image\"><figure class=\"alignright size-large is-resized\"><img data-attachment-id=\"711\" data-permalink=\"https:\/\/assofwi.fr\/?attachment_id=711\" data-orig-file=\"https:\/\/i1.wp.com\/assofwi.fr\/wp-content\/uploads\/2023\/03\/logo-union-europeenne-2-768x581-1.jpg?fit=768%2C581&amp;ssl=1\" data-orig-size=\"768,581\" data-comments-opened=\"0\" data-image-meta=\"{&quot;aperture&quot;:&quot;0&quot;,&quot;credit&quot;:&quot;&quot;,&quot;camera&quot;:&quot;&quot;,&quot;caption&quot;:&quot;&quot;,&quot;created_timestamp&quot;:&quot;0&quot;,&quot;copyright&quot;:&quot;&quot;,&quot;focal_length&quot;:&quot;0&quot;,&quot;iso&quot;:&quot;0&quot;,&quot;shutter_speed&quot;:&quot;0&quot;,&quot;title&quot;:&quot;&quot;,&quot;orientation&quot;:&quot;0&quot;}\" data-image-title=\"logo-union-europeenne-2-768&#215;581\" data-image-description=\"\" data-medium-file=\"https:\/\/i1.wp.com\/assofwi.fr\/wp-content\/uploads\/2023\/03\/logo-union-europeenne-2-768x581-1.jpg?fit=300%2C227&amp;ssl=1\" data-large-file=\"https:\/\/i1.wp.com\/assofwi.fr\/wp-content\/uploads\/2023\/03\/logo-union-europeenne-2-768x581-1.jpg?fit=525%2C397&amp;ssl=1\" loading=\"lazy\" src=\"https:\/\/i1.wp.com\/assofwi.fr\/wp-content\/uploads\/2023\/03\/logo-union-europeenne-2-768x581-1.jpg?resize=133%2C100&#038;ssl=1\" alt=\"\" class=\"wp-image-711\" width=\"133\" height=\"100\" srcset=\"https:\/\/i1.wp.com\/assofwi.fr\/wp-content\/uploads\/2023\/03\/logo-union-europeenne-2-768x581-1.jpg?w=768&amp;ssl=1 768w, https:\/\/i1.wp.com\/assofwi.fr\/wp-content\/uploads\/2023\/03\/logo-union-europeenne-2-768x581-1.jpg?resize=300%2C227&amp;ssl=1 300w\" sizes=\"(max-width: 133px) 100vw, 133px\" data-recalc-dims=\"1\" \/><\/figure><\/div>\n\n\n\n<p><\/p>\n\n\n\n<p><\/p>\n","protected":false},"excerpt":{"rendered":"<p>Le premier objectif de l\u2019Assofwi est de mettre en place un encadrement technique personnalis\u00e9, pointu et innovant, qui permet aux producteurs de d\u00e9velopper efficacement des productions fruiti\u00e8res durables. Pour la mission d\u2019encadrement technique, les techniciens agricoles de l\u2019Assofwi agissent \u00e0 travers\u2026\u00a0: Des visites de parcelles ou d\u2019exploitation La r\u00e9daction de dossiers techniques et administratifs L\u2019\u00e9laboration &hellip; <\/p>\n<p class=\"link-more\"><a href=\"https:\/\/assofwi.fr\/?page_id=101\" class=\"more-link\">Continuer la lecture<span class=\"screen-reader-text\"> de &laquo;&nbsp;Services aux adh\u00e9rents&nbsp;&raquo;<\/span><\/a><\/p>\n","protected":false},"author":1,"featured_media":0,"parent":0,"menu_order":0,"comment_status":"closed","ping_status":"closed","template":"","meta":{"spay_email":""},"jetpack_sharing_enabled":true,"jetpack_shortlink":"https:\/\/wp.me\/Pa25wg-1D","jetpack-related-posts":[],"_links":{"self":[{"href":"https:\/\/assofwi.fr\/index.php?rest_route=\/wp\/v2\/pages\/101"}],"collection":[{"href":"https:\/\/assofwi.fr\/index.php?rest_route=\/wp\/v2\/pages"}],"about":[{"href":"https:\/\/assofwi.fr\/index.php?rest_route=\/wp\/v2\/types\/page"}],"author":[{"embeddable":true,"href":"https:\/\/assofwi.fr\/index.php?rest_route=\/wp\/v2\/users\/1"}],"replies":[{"embeddable":true,"href":"https:\/\/assofwi.fr\/index.php?rest_route=%2Fwp%2Fv2%2Fcomments&post=101"}],"version-history":[{"count":5,"href":"https:\/\/assofwi.fr\/index.php?rest_route=\/wp\/v2\/pages\/101\/revisions"}],"predecessor-version":[{"id":995,"href":"https:\/\/assofwi.fr\/index.php?rest_route=\/wp\/v2\/pages\/101\/revisions\/995"}],"wp:attachment":[{"href":"https:\/\/assofwi.fr\/index.php?rest_route=%2Fwp%2Fv2%2Fmedia&parent=101"}],"curies":[{"name":"wp","href":"https:\/\/api.w.org\/{rel}","templated":true}]}}

Services aux adhérents

<p style="text-align: justify;"><em>Le premier objectif de l’Assofwi est de mettre en place un encadrement technique personnalisé, pointu et innovant, qui permet aux producteurs de développer efficacement des productions fruitières durables.</em></p>
<p style="text-align: justify;"><strong><em>Pour la mission d’encadrement technique, les techniciens agricoles de l’Assofwi agissent à travers… :</em></strong></p>
<ul class="ili-indent">
<li style="text-align: justify;">Des visites de parcelles ou d’exploitation</li>
<li style="text-align: justify;">La rédaction de dossiers techniques et administratifs</li>
<li style="text-align: justify;">L’élaboration et la diffusion aux adhérents de fiches ou de manuels techniques</li>
<li style="text-align: justify;">La mise en place de réunions d’information et de travail</li>
<li style="text-align: justify;">La rencontre des producteurs à l&rsquo;Assofwi</li>
<li style="text-align: justify;">La défense des intérêts des professionnels lors des différentes réunions avec les partenaires</li>
<li style="text-align: justify;">La mise à disposition d’un centre de documentation technico-économiques sur les productions fruitières tropicales</li>
</ul>
<p style="text-align: justify;"><strong><em>… ils dispensent ainsi des conseils pour la conduite de cultures… :</em></strong></p>
<ul class="ili-indent">
<li style="text-align: justify;">Quant à la lutte intégrée contre les ravageurs</li>
<li style="text-align: justify;">Quant au travail du sol</li>
<li style="text-align: justify;">Quant à la gestion de l’enherbement</li>
<li style="text-align: justify;">Quant à la fertilisation</li>
<li style="text-align: justify;">Quant à la plantation</li>
<li style="text-align: justify;">Quant à la gestion globale de l’exploitation</li>
</ul>
<p style="text-align: justify;"><strong><em>… et soutiennent les producteurs, sous certaines conditions, dans la gestion de leur exploitation en réalisant :</em></strong></p>
<ul class="ili-indent">
<li style="text-align: justify;">Un suivi des opérations culturales via la distribution d’un cahier d’exploitation</li>
</ul>
<ul class="ili-indent">
<li style="text-align: justify;">Des dossiers liés à des difficultés d’exploitation (calamités, problèmes d’accès aux parcelles, etc.)</li>
</ul>
<ul class="ili-indent">
<li style="text-align: justify;">Des dossiers de demandes d’aides (plantation, modernisation des exploitations, de projets de développement d’exploitation pour les jeunes producteurs en installation, etc.)</li>
</ul>
<ul class="ili-indent">
<li style="text-align: justify;">La déclaration de surfaces des adhérents à la DAAF</li>
</ul>
<ul class="ili-indent">
<li style="text-align: justify;">Le diagnostic agro-environnemental de l’exploitation avant l’engagement du producteur dans des MAE</li>
</ul>
<ul class="ili-indent">
<li style="text-align: justify;">Les vérifications de conformité réglementaire de l’exploitation</li>
</ul>
<p style="text-align: justify;">Pour adhérer, ou pour plus d’informations, remplissez le formulaire ci-dessous!</p>


<div role="form" class="wpcf7" id="wpcf7-f990-o1" lang="fr-FR" dir="ltr">
<div class="screen-reader-response"><p role="status" aria-live="polite" aria-atomic="true"></p> <ul></ul></div>
<form action="/index.php?rest_route=%2Fwp%2Fv2%2Fpages%2F101#wpcf7-f990-o1" method="post" class="wpcf7-form init" novalidate="novalidate" data-status="init">
<div style="display: none;">
<input type="hidden" name="_wpcf7" value="990" />
<input type="hidden" name="_wpcf7_version" value="5.3" />
<input type="hidden" name="_wpcf7_locale" value="fr_FR" />
<input type="hidden" name="_wpcf7_unit_tag" value="wpcf7-f990-o1" />
<input type="hidden" name="_wpcf7_container_post" value="0" />
<input type="hidden" name="_wpcf7_posted_data_hash" value="" />
</div>
<p><label> Nom<br />
    <span class="wpcf7-form-control-wrap your-name"><input type="text" name="your-name" value="" size="40" class="wpcf7-form-control wpcf7-text wpcf7-validates-as-required" aria-required="true" aria-invalid="false" /></span> </label></p>
<p><label> Email<br />
    <span class="wpcf7-form-control-wrap your-email"><input type="email" name="your-email" value="" size="40" class="wpcf7-form-control wpcf7-text wpcf7-email wpcf7-validates-as-required wpcf7-validates-as-email" aria-required="true" aria-invalid="false" /></span> </label></p>
<p><label> Objet<br />
    <span class="wpcf7-form-control-wrap your-subject"><input type="text" name="your-subject" value="" size="40" class="wpcf7-form-control wpcf7-text wpcf7-validates-as-required" aria-required="true" aria-invalid="false" /></span> </label></p>
<p><label> Message<br />
    <span class="wpcf7-form-control-wrap your-message"><textarea name="your-message" cols="40" rows="10" class="wpcf7-form-control wpcf7-textarea" aria-invalid="false"></textarea></span> </label></p>
<p><input type="submit" value="Envoyer" class="wpcf7-form-control wpcf7-submit" /></p>
<div class="wpcf7-response-output" aria-hidden="true"></div></form></div>



<div class="wp-block-image"><figure class="alignright size-large is-resized"><img data-attachment-id="710" data-permalink="https://assofwi.fr/?attachment_id=710" data-orig-file="https://i2.wp.com/assofwi.fr/wp-content/uploads/2023/03/logo_feader-400px.jpg?fit=400%2C275&amp;ssl=1" data-orig-size="400,275" data-comments-opened="0" data-image-meta="{&quot;aperture&quot;:&quot;0&quot;,&quot;credit&quot;:&quot;&quot;,&quot;camera&quot;:&quot;&quot;,&quot;caption&quot;:&quot;&quot;,&quot;created_timestamp&quot;:&quot;0&quot;,&quot;copyright&quot;:&quot;&quot;,&quot;focal_length&quot;:&quot;0&quot;,&quot;iso&quot;:&quot;0&quot;,&quot;shutter_speed&quot;:&quot;0&quot;,&quot;title&quot;:&quot;&quot;,&quot;orientation&quot;:&quot;1&quot;}" data-image-title="logo_feader-400px" data-image-description="" data-medium-file="https://i2.wp.com/assofwi.fr/wp-content/uploads/2023/03/logo_feader-400px.jpg?fit=300%2C206&amp;ssl=1" data-large-file="https://i2.wp.com/assofwi.fr/wp-content/uploads/2023/03/logo_feader-400px.jpg?fit=400%2C275&amp;ssl=1" loading="lazy" src="https://i2.wp.com/assofwi.fr/wp-content/uploads/2023/03/logo_feader-400px.jpg?resize=147%2C101&#038;ssl=1" alt="" class="wp-image-710" width="147" height="101" srcset="https://i2.wp.com/assofwi.fr/wp-content/uploads/2023/03/logo_feader-400px.jpg?w=400&amp;ssl=1 400w, https://i2.wp.com/assofwi.fr/wp-content/uploads/2023/03/logo_feader-400px.jpg?resize=300%2C206&amp;ssl=1 300w" sizes="(max-width: 147px) 100vw, 147px" data-recalc-dims="1" /></figure></div>



<div class="wp-block-image"><figure class="alignright size-large is-resized"><img data-attachment-id="711" data-permalink="https://assofwi.fr/?attachment_id=711" data-orig-file="https://i1.wp.com/assofwi.fr/wp-content/uploads/2023/03/logo-union-europeenne-2-768x581-1.jpg?fit=768%2C581&amp;ssl=1" data-orig-size="768,581" data-comments-opened="0" data-image-meta="{&quot;aperture&quot;:&quot;0&quot;,&quot;credit&quot;:&quot;&quot;,&quot;camera&quot;:&quot;&quot;,&quot;caption&quot;:&quot;&quot;,&quot;created_timestamp&quot;:&quot;0&quot;,&quot;copyright&quot;:&quot;&quot;,&quot;focal_length&quot;:&quot;0&quot;,&quot;iso&quot;:&quot;0&quot;,&quot;shutter_speed&quot;:&quot;0&quot;,&quot;title&quot;:&quot;&quot;,&quot;orientation&quot;:&quot;0&quot;}" data-image-title="logo-union-europeenne-2-768&#215;581" data-image-description="" data-medium-file="https://i1.wp.com/assofwi.fr/wp-content/uploads/2023/03/logo-union-europeenne-2-768x581-1.jpg?fit=300%2C227&amp;ssl=1" data-large-file="https://i1.wp.com/assofwi.fr/wp-content/uploads/2023/03/logo-union-europeenne-2-768x581-1.jpg?fit=525%2C397&amp;ssl=1" loading="lazy" src="https://i1.wp.com/assofwi.fr/wp-content/uploads/2023/03/logo-union-europeenne-2-768x581-1.jpg?resize=133%2C100&#038;ssl=1" alt="" class="wp-image-711" width="133" height="100" srcset="https://i1.wp.com/assofwi.fr/wp-content/uploads/2023/03/logo-union-europeenne-2-768x581-1.jpg?w=768&amp;ssl=1 768w, https://i1.wp.com/assofwi.fr/wp-content/uploads/2023/03/logo-union-europeenne-2-768x581-1.jpg?resize=300%2C227&amp;ssl=1 300w" sizes="(max-width: 133px) 100vw, 133px" data-recalc-dims="1" /></figure></div>



<p></p>



<p></p>

<p>Le premier objectif de l’Assofwi est de mettre en place un encadrement technique personnalisé, pointu et innovant, qui permet aux producteurs de développer efficacement des productions fruitières durables. Pour la mission d’encadrement technique, les techniciens agricoles de l’Assofwi agissent à travers… : Des visites de parcelles ou d’exploitation La rédaction de dossiers techniques et administratifs L’élaboration &hellip; </p>
<p class="link-more"><a href="https://assofwi.fr/?page_id=101" class="more-link">Continuer la lecture<span class="screen-reader-text"> de &laquo;&nbsp;Services aux adhérents&nbsp;&raquo;</span></a></p>
