{"id":115,"date":"2018-06-28T21:20:00","date_gmt":"2018-06-28T19:20:00","guid":{"rendered":"http:\/\/assofwi.fr\/?page_id=115"},"modified":"2026-04-30T16:13:41","modified_gmt":"2026-04-30T14:13:41","slug":"les-formations-proposees","status":"publish","type":"page","link":"https:\/\/assofwi.fr\/?page_id=115","title":{"rendered":"Les formations propos\u00e9es"},"content":{"rendered":"<p>L&rsquo;Assofwi propose chaque ann\u00e9e des formations diff\u00e9rentes, r\u00e9pondant en priorit\u00e9 aux demandes des agriculteurs.<\/p>\n<p>Parmi les formations mises en place \u00e0 l&rsquo;Assofwi, il y a:<\/p>\n<ul>\n<li>Conduite d&rsquo;un verger<\/li>\n<li>La culture du pitaya<\/li>\n<li>Taille et multiplication des arbres fruitiers<\/li>\n<li>Introduction \u00e0 l&rsquo;agroforesterie<\/li>\n<li>Culture et transformation du caf\u00e9<\/li>\n<li>Culture et transformation du cacao<\/li>\n<li>Agrotransformation<\/li>\n<li>Fertilisation raisonn\u00e9e des cultures<\/li>\n<li>Initiation \u00e0 l&rsquo;agriculture biologique<\/li>\n<li>etc.<\/li>\n<\/ul>\n<p>Pour connaitre les formations \u00e0 venir, n&rsquo;h\u00e9sitez pas \u00e0 nous contacter (contact \u00e0 privil\u00e9gier: marcin.assofwi@yahoo.com), envoyez-nous vos coordonn\u00e9es si vous souhaitez \u00eatre ajout\u00e9s \u00e0 la liste de diffusion des formations. Vous pouvez \u00e9galement suivre l&rsquo;actualit\u00e9 des formations sur ce site.<\/p>\n<p>Vous pouvez \u00e9galement nous envoyer vos suggestions afin de nous aider \u00e0 cibler les besoins en formation!<\/p>\n\n\n<p><a href=\"https:\/\/assofwi.fr\/wp-content\/uploads\/2026\/01\/CATALOGUE-DES-FORMATIONS-ASSOFWI-2026-b.pdf\">CATALOGUES DES FORMATIONS ASSOFWI 2026<\/a><\/p>\n\n\n\n<p><a href=\"https:\/\/assofwi.fr\/wp-content\/uploads\/2025\/12\/calendrier-previsionnel-formations-ASSOFWI-2026.pdf\">Calendrier pr\u00e9visionnel des formations 2026<\/a><\/p>\n\n\n\n<p><a rel=\"noreferrer noopener\" href=\"https:\/\/assofwi.fr\/wp-content\/uploads\/2021\/12\/reglement-interieur-ASSOFWI-centre-de-formation.doc.pdf\" target=\"_blank\">R\u00e8glement int\u00e9rieur des formations<\/a><\/p>\n\n\n\n<p><a href=\"https:\/\/assofwi.fr\/wp-content\/uploads\/2023\/12\/Certificat-QUALIOPI.pdf\">Certificat Qualiopi<\/a><\/p>\n\n\n\n<p><\/p>\n\n\n\n<h3>Les formations du moment<\/h3>\n\n\n\n<p>Formation : \u00ab&nbsp;Culture et valorisation du manioc&nbsp;\u00bb <\/p>\n\n\n\n<figure class=\"wp-block-image size-large is-resized\"><a href=\"https:\/\/assofwi.fr\/wp-content\/uploads\/2026\/04\/Programme-formation-Culture-et-valorisation-du-manioc.pdf\"><img data-attachment-id=\"1410\" data-permalink=\"https:\/\/assofwi.fr\/?attachment_id=1410\" data-orig-file=\"https:\/\/i2.wp.com\/assofwi.fr\/wp-content\/uploads\/2026\/04\/Flyer-manioc-2026.png?fit=1415%2C2000&amp;ssl=1\" data-orig-size=\"1415,2000\" data-comments-opened=\"0\" data-image-meta=\"{&quot;aperture&quot;:&quot;0&quot;,&quot;credit&quot;:&quot;&quot;,&quot;camera&quot;:&quot;&quot;,&quot;caption&quot;:&quot;&quot;,&quot;created_timestamp&quot;:&quot;0&quot;,&quot;copyright&quot;:&quot;&quot;,&quot;focal_length&quot;:&quot;0&quot;,&quot;iso&quot;:&quot;0&quot;,&quot;shutter_speed&quot;:&quot;0&quot;,&quot;title&quot;:&quot;&quot;,&quot;orientation&quot;:&quot;0&quot;}\" data-image-title=\"Flyer manioc 2026\" data-image-description=\"\" data-medium-file=\"https:\/\/i2.wp.com\/assofwi.fr\/wp-content\/uploads\/2026\/04\/Flyer-manioc-2026.png?fit=212%2C300&amp;ssl=1\" data-large-file=\"https:\/\/i2.wp.com\/assofwi.fr\/wp-content\/uploads\/2026\/04\/Flyer-manioc-2026.png?fit=525%2C743&amp;ssl=1\" loading=\"lazy\" src=\"https:\/\/i2.wp.com\/assofwi.fr\/wp-content\/uploads\/2026\/04\/Flyer-manioc-2026.png?resize=525%2C742&#038;ssl=1\" alt=\"\" class=\"wp-image-1410\" width=\"525\" height=\"742\" srcset=\"https:\/\/i2.wp.com\/assofwi.fr\/wp-content\/uploads\/2026\/04\/Flyer-manioc-2026.png?resize=724%2C1024&amp;ssl=1 724w, https:\/\/i2.wp.com\/assofwi.fr\/wp-content\/uploads\/2026\/04\/Flyer-manioc-2026.png?resize=212%2C300&amp;ssl=1 212w, https:\/\/i2.wp.com\/assofwi.fr\/wp-content\/uploads\/2026\/04\/Flyer-manioc-2026.png?resize=768%2C1086&amp;ssl=1 768w, https:\/\/i2.wp.com\/assofwi.fr\/wp-content\/uploads\/2026\/04\/Flyer-manioc-2026.png?resize=1087%2C1536&amp;ssl=1 1087w, https:\/\/i2.wp.com\/assofwi.fr\/wp-content\/uploads\/2026\/04\/Flyer-manioc-2026.png?w=1415&amp;ssl=1 1415w\" sizes=\"(max-width: 525px) 100vw, 525px\" data-recalc-dims=\"1\" \/><\/a><\/figure>\n\n\n\n<div style=\"height:50px\" aria-hidden=\"true\" class=\"wp-block-spacer\"><\/div>\n\n\n\n<p>Formation : \u00ab&nbsp;Introduction \u00e0 la culture et transformation des plantes m\u00e9dicinales&nbsp;\u00bb<\/p>\n\n\n\n<figure class=\"wp-block-image size-large\"><a href=\"https:\/\/assofwi.fr\/wp-content\/uploads\/2026\/04\/Flyer-plantes-medicinales-2026.pdf\" target=\"_blank\" rel=\"noopener noreferrer\"><img data-attachment-id=\"1377\" data-permalink=\"https:\/\/assofwi.fr\/?attachment_id=1377\" data-orig-file=\"https:\/\/i2.wp.com\/assofwi.fr\/wp-content\/uploads\/2026\/04\/Copie-de-flyer-cacao-2024.png?fit=1415%2C2000&amp;ssl=1\" data-orig-size=\"1415,2000\" data-comments-opened=\"0\" data-image-meta=\"{&quot;aperture&quot;:&quot;0&quot;,&quot;credit&quot;:&quot;&quot;,&quot;camera&quot;:&quot;&quot;,&quot;caption&quot;:&quot;&quot;,&quot;created_timestamp&quot;:&quot;0&quot;,&quot;copyright&quot;:&quot;&quot;,&quot;focal_length&quot;:&quot;0&quot;,&quot;iso&quot;:&quot;0&quot;,&quot;shutter_speed&quot;:&quot;0&quot;,&quot;title&quot;:&quot;&quot;,&quot;orientation&quot;:&quot;0&quot;}\" data-image-title=\"Copie de flyer cacao 2024\" data-image-description=\"\" data-medium-file=\"https:\/\/i2.wp.com\/assofwi.fr\/wp-content\/uploads\/2026\/04\/Copie-de-flyer-cacao-2024.png?fit=212%2C300&amp;ssl=1\" data-large-file=\"https:\/\/i2.wp.com\/assofwi.fr\/wp-content\/uploads\/2026\/04\/Copie-de-flyer-cacao-2024.png?fit=525%2C743&amp;ssl=1\" loading=\"lazy\" width=\"525\" height=\"743\" src=\"https:\/\/i2.wp.com\/assofwi.fr\/wp-content\/uploads\/2026\/04\/Copie-de-flyer-cacao-2024.png?resize=525%2C743&#038;ssl=1\" alt=\"\" class=\"wp-image-1377\" srcset=\"https:\/\/i2.wp.com\/assofwi.fr\/wp-content\/uploads\/2026\/04\/Copie-de-flyer-cacao-2024.png?resize=724%2C1024&amp;ssl=1 724w, https:\/\/i2.wp.com\/assofwi.fr\/wp-content\/uploads\/2026\/04\/Copie-de-flyer-cacao-2024.png?resize=212%2C300&amp;ssl=1 212w, https:\/\/i2.wp.com\/assofwi.fr\/wp-content\/uploads\/2026\/04\/Copie-de-flyer-cacao-2024.png?resize=768%2C1086&amp;ssl=1 768w, https:\/\/i2.wp.com\/assofwi.fr\/wp-content\/uploads\/2026\/04\/Copie-de-flyer-cacao-2024.png?resize=1087%2C1536&amp;ssl=1 1087w, https:\/\/i2.wp.com\/assofwi.fr\/wp-content\/uploads\/2026\/04\/Copie-de-flyer-cacao-2024.png?w=1415&amp;ssl=1 1415w\" sizes=\"(max-width: 525px) 100vw, 525px\" data-recalc-dims=\"1\" \/><\/a><\/figure>\n\n\n\n<div style=\"height:50px\" aria-hidden=\"true\" class=\"wp-block-spacer\"><\/div>\n\n\n\n<p><strong>Formation : \u00ab&nbsp;Initiation \u00e0 l\u2019apiculture&nbsp;\u00bb<\/strong><\/p>\n\n\n\n<figure class=\"wp-block-image size-large\"><a href=\"https:\/\/assofwi.fr\/wp-content\/uploads\/2026\/03\/flyer-apiculture-.pdf\"><img data-attachment-id=\"1334\" data-permalink=\"https:\/\/assofwi.fr\/?attachment_id=1334\" data-orig-file=\"https:\/\/i2.wp.com\/assofwi.fr\/wp-content\/uploads\/2026\/03\/flyer-apiculture.png?fit=1415%2C2000&amp;ssl=1\" data-orig-size=\"1415,2000\" data-comments-opened=\"0\" data-image-meta=\"{&quot;aperture&quot;:&quot;0&quot;,&quot;credit&quot;:&quot;&quot;,&quot;camera&quot;:&quot;&quot;,&quot;caption&quot;:&quot;&quot;,&quot;created_timestamp&quot;:&quot;0&quot;,&quot;copyright&quot;:&quot;&quot;,&quot;focal_length&quot;:&quot;0&quot;,&quot;iso&quot;:&quot;0&quot;,&quot;shutter_speed&quot;:&quot;0&quot;,&quot;title&quot;:&quot;&quot;,&quot;orientation&quot;:&quot;0&quot;}\" data-image-title=\"flyer apiculture\" data-image-description=\"\" data-medium-file=\"https:\/\/i2.wp.com\/assofwi.fr\/wp-content\/uploads\/2026\/03\/flyer-apiculture.png?fit=212%2C300&amp;ssl=1\" data-large-file=\"https:\/\/i2.wp.com\/assofwi.fr\/wp-content\/uploads\/2026\/03\/flyer-apiculture.png?fit=525%2C743&amp;ssl=1\" loading=\"lazy\" width=\"525\" height=\"743\" src=\"https:\/\/i2.wp.com\/assofwi.fr\/wp-content\/uploads\/2026\/03\/flyer-apiculture.png?resize=525%2C743&#038;ssl=1\" alt=\"\" class=\"wp-image-1334\" srcset=\"https:\/\/i2.wp.com\/assofwi.fr\/wp-content\/uploads\/2026\/03\/flyer-apiculture.png?resize=724%2C1024&amp;ssl=1 724w, https:\/\/i2.wp.com\/assofwi.fr\/wp-content\/uploads\/2026\/03\/flyer-apiculture.png?resize=212%2C300&amp;ssl=1 212w, https:\/\/i2.wp.com\/assofwi.fr\/wp-content\/uploads\/2026\/03\/flyer-apiculture.png?resize=768%2C1086&amp;ssl=1 768w, https:\/\/i2.wp.com\/assofwi.fr\/wp-content\/uploads\/2026\/03\/flyer-apiculture.png?resize=1087%2C1536&amp;ssl=1 1087w, https:\/\/i2.wp.com\/assofwi.fr\/wp-content\/uploads\/2026\/03\/flyer-apiculture.png?w=1415&amp;ssl=1 1415w\" sizes=\"(max-width: 525px) 100vw, 525px\" data-recalc-dims=\"1\" \/><\/a><\/figure>\n\n\n\n<p><\/p>\n\n\n\n<p><strong>Formation : \u00ab&nbsp;Culture de la vanille\u00bb <\/strong><\/p>\n\n\n\n<figure class=\"wp-block-image size-large\"><a href=\"https:\/\/assofwi.fr\/wp-content\/uploads\/2026\/03\/Flyer-transformation-de-la-vanille.pdf\"><img data-attachment-id=\"1348\" data-permalink=\"https:\/\/assofwi.fr\/?attachment_id=1348\" data-orig-file=\"https:\/\/i2.wp.com\/assofwi.fr\/wp-content\/uploads\/2026\/03\/Flyer-transformation-de-la-vanille.png?fit=1414%2C2000&amp;ssl=1\" data-orig-size=\"1414,2000\" data-comments-opened=\"0\" data-image-meta=\"{&quot;aperture&quot;:&quot;0&quot;,&quot;credit&quot;:&quot;&quot;,&quot;camera&quot;:&quot;&quot;,&quot;caption&quot;:&quot;&quot;,&quot;created_timestamp&quot;:&quot;0&quot;,&quot;copyright&quot;:&quot;&quot;,&quot;focal_length&quot;:&quot;0&quot;,&quot;iso&quot;:&quot;0&quot;,&quot;shutter_speed&quot;:&quot;0&quot;,&quot;title&quot;:&quot;&quot;,&quot;orientation&quot;:&quot;0&quot;}\" data-image-title=\"Flyer transformation de la vanille\" data-image-description=\"\" data-medium-file=\"https:\/\/i2.wp.com\/assofwi.fr\/wp-content\/uploads\/2026\/03\/Flyer-transformation-de-la-vanille.png?fit=212%2C300&amp;ssl=1\" data-large-file=\"https:\/\/i2.wp.com\/assofwi.fr\/wp-content\/uploads\/2026\/03\/Flyer-transformation-de-la-vanille.png?fit=525%2C743&amp;ssl=1\" loading=\"lazy\" width=\"525\" height=\"743\" src=\"https:\/\/i2.wp.com\/assofwi.fr\/wp-content\/uploads\/2026\/03\/Flyer-transformation-de-la-vanille.png?resize=525%2C743&#038;ssl=1\" alt=\"\" class=\"wp-image-1348\" srcset=\"https:\/\/i2.wp.com\/assofwi.fr\/wp-content\/uploads\/2026\/03\/Flyer-transformation-de-la-vanille.png?resize=724%2C1024&amp;ssl=1 724w, https:\/\/i2.wp.com\/assofwi.fr\/wp-content\/uploads\/2026\/03\/Flyer-transformation-de-la-vanille.png?resize=212%2C300&amp;ssl=1 212w, https:\/\/i2.wp.com\/assofwi.fr\/wp-content\/uploads\/2026\/03\/Flyer-transformation-de-la-vanille.png?resize=768%2C1086&amp;ssl=1 768w, https:\/\/i2.wp.com\/assofwi.fr\/wp-content\/uploads\/2026\/03\/Flyer-transformation-de-la-vanille.png?resize=1086%2C1536&amp;ssl=1 1086w, https:\/\/i2.wp.com\/assofwi.fr\/wp-content\/uploads\/2026\/03\/Flyer-transformation-de-la-vanille.png?w=1414&amp;ssl=1 1414w\" sizes=\"(max-width: 525px) 100vw, 525px\" data-recalc-dims=\"1\" \/><\/a><\/figure>\n\n\n\n<p><\/p>\n\n\n\n<p><\/p>\n\n\n\n<p><strong>Formation : \u00ab&nbsp;Culture et transformation du cacao&nbsp;\u00bb<\/strong><\/p>\n\n\n\n<figure class=\"wp-block-image size-large is-resized\"><a href=\"https:\/\/assofwi.fr\/wp-content\/uploads\/2026\/03\/Flyers-cacao-2026.pdf\"><img data-attachment-id=\"1350\" data-permalink=\"https:\/\/assofwi.fr\/?attachment_id=1350\" data-orig-file=\"https:\/\/i2.wp.com\/assofwi.fr\/wp-content\/uploads\/2026\/03\/flyer-cacao-2024.png?fit=1415%2C2000&amp;ssl=1\" data-orig-size=\"1415,2000\" data-comments-opened=\"0\" data-image-meta=\"{&quot;aperture&quot;:&quot;0&quot;,&quot;credit&quot;:&quot;&quot;,&quot;camera&quot;:&quot;&quot;,&quot;caption&quot;:&quot;&quot;,&quot;created_timestamp&quot;:&quot;0&quot;,&quot;copyright&quot;:&quot;&quot;,&quot;focal_length&quot;:&quot;0&quot;,&quot;iso&quot;:&quot;0&quot;,&quot;shutter_speed&quot;:&quot;0&quot;,&quot;title&quot;:&quot;&quot;,&quot;orientation&quot;:&quot;0&quot;}\" data-image-title=\"flyer cacao 2024\" data-image-description=\"\" data-medium-file=\"https:\/\/i2.wp.com\/assofwi.fr\/wp-content\/uploads\/2026\/03\/flyer-cacao-2024.png?fit=212%2C300&amp;ssl=1\" data-large-file=\"https:\/\/i2.wp.com\/assofwi.fr\/wp-content\/uploads\/2026\/03\/flyer-cacao-2024.png?fit=525%2C743&amp;ssl=1\" loading=\"lazy\" src=\"https:\/\/i2.wp.com\/assofwi.fr\/wp-content\/uploads\/2026\/03\/flyer-cacao-2024.png?resize=525%2C742&#038;ssl=1\" alt=\"\" class=\"wp-image-1350\" width=\"525\" height=\"742\" srcset=\"https:\/\/i2.wp.com\/assofwi.fr\/wp-content\/uploads\/2026\/03\/flyer-cacao-2024.png?resize=724%2C1024&amp;ssl=1 724w, https:\/\/i2.wp.com\/assofwi.fr\/wp-content\/uploads\/2026\/03\/flyer-cacao-2024.png?resize=212%2C300&amp;ssl=1 212w, https:\/\/i2.wp.com\/assofwi.fr\/wp-content\/uploads\/2026\/03\/flyer-cacao-2024.png?resize=768%2C1086&amp;ssl=1 768w, https:\/\/i2.wp.com\/assofwi.fr\/wp-content\/uploads\/2026\/03\/flyer-cacao-2024.png?resize=1087%2C1536&amp;ssl=1 1087w, https:\/\/i2.wp.com\/assofwi.fr\/wp-content\/uploads\/2026\/03\/flyer-cacao-2024.png?w=1415&amp;ssl=1 1415w\" sizes=\"(max-width: 525px) 100vw, 525px\" data-recalc-dims=\"1\" \/><\/a><\/figure>\n\n\n\n<p><\/p>\n\n\n\n<p><strong>Formation \u00ab\u00a0Culture et valorisation du fruit \u00e0 pain<\/strong>\u00ab\u00a0<\/p>\n\n\n\n<figure class=\"wp-block-image size-large\"><a href=\"https:\/\/assofwi.fr\/wp-content\/uploads\/2025\/09\/Flyer-formation-fruit-a-pain-1.pdf\"><img data-attachment-id=\"1256\" data-permalink=\"https:\/\/assofwi.fr\/?attachment_id=1256\" data-orig-file=\"https:\/\/i1.wp.com\/assofwi.fr\/wp-content\/uploads\/2025\/09\/Flyer-formation-fruit-a-pain-1.png?fit=1414%2C2000&amp;ssl=1\" data-orig-size=\"1414,2000\" data-comments-opened=\"0\" data-image-meta=\"{&quot;aperture&quot;:&quot;0&quot;,&quot;credit&quot;:&quot;&quot;,&quot;camera&quot;:&quot;&quot;,&quot;caption&quot;:&quot;&quot;,&quot;created_timestamp&quot;:&quot;0&quot;,&quot;copyright&quot;:&quot;&quot;,&quot;focal_length&quot;:&quot;0&quot;,&quot;iso&quot;:&quot;0&quot;,&quot;shutter_speed&quot;:&quot;0&quot;,&quot;title&quot;:&quot;&quot;,&quot;orientation&quot;:&quot;0&quot;}\" data-image-title=\"Flyer formation fruit \u00e0 pain (1)\" data-image-description=\"\" data-medium-file=\"https:\/\/i1.wp.com\/assofwi.fr\/wp-content\/uploads\/2025\/09\/Flyer-formation-fruit-a-pain-1.png?fit=212%2C300&amp;ssl=1\" data-large-file=\"https:\/\/i1.wp.com\/assofwi.fr\/wp-content\/uploads\/2025\/09\/Flyer-formation-fruit-a-pain-1.png?fit=525%2C743&amp;ssl=1\" loading=\"lazy\" width=\"525\" height=\"743\" src=\"https:\/\/i1.wp.com\/assofwi.fr\/wp-content\/uploads\/2025\/09\/Flyer-formation-fruit-a-pain-1.png?resize=525%2C743&#038;ssl=1\" alt=\"\" class=\"wp-image-1256\" srcset=\"https:\/\/i1.wp.com\/assofwi.fr\/wp-content\/uploads\/2025\/09\/Flyer-formation-fruit-a-pain-1.png?resize=724%2C1024&amp;ssl=1 724w, https:\/\/i1.wp.com\/assofwi.fr\/wp-content\/uploads\/2025\/09\/Flyer-formation-fruit-a-pain-1.png?resize=212%2C300&amp;ssl=1 212w, https:\/\/i1.wp.com\/assofwi.fr\/wp-content\/uploads\/2025\/09\/Flyer-formation-fruit-a-pain-1.png?resize=768%2C1086&amp;ssl=1 768w, https:\/\/i1.wp.com\/assofwi.fr\/wp-content\/uploads\/2025\/09\/Flyer-formation-fruit-a-pain-1.png?resize=1086%2C1536&amp;ssl=1 1086w, https:\/\/i1.wp.com\/assofwi.fr\/wp-content\/uploads\/2025\/09\/Flyer-formation-fruit-a-pain-1.png?w=1414&amp;ssl=1 1414w\" sizes=\"(max-width: 525px) 100vw, 525px\" data-recalc-dims=\"1\" \/><\/a><\/figure>\n\n\n\n<p><strong>Formation \u00a0\u00bb Production d&rsquo;huiles essentielles\u00a0\u00bb<\/strong><\/p>\n\n\n\n<figure class=\"wp-block-image size-large\"><a href=\"https:\/\/assofwi.fr\/wp-content\/uploads\/2025\/09\/flyer-huiles-essentielles.pdf\"><img data-attachment-id=\"1249\" data-permalink=\"https:\/\/assofwi.fr\/?attachment_id=1249\" data-orig-file=\"https:\/\/i1.wp.com\/assofwi.fr\/wp-content\/uploads\/2025\/09\/flyer-huiles-essentielles.png?fit=1414%2C2000&amp;ssl=1\" data-orig-size=\"1414,2000\" data-comments-opened=\"0\" data-image-meta=\"{&quot;aperture&quot;:&quot;0&quot;,&quot;credit&quot;:&quot;&quot;,&quot;camera&quot;:&quot;&quot;,&quot;caption&quot;:&quot;&quot;,&quot;created_timestamp&quot;:&quot;0&quot;,&quot;copyright&quot;:&quot;&quot;,&quot;focal_length&quot;:&quot;0&quot;,&quot;iso&quot;:&quot;0&quot;,&quot;shutter_speed&quot;:&quot;0&quot;,&quot;title&quot;:&quot;&quot;,&quot;orientation&quot;:&quot;0&quot;}\" data-image-title=\"flyer huiles essentielles\" data-image-description=\"\" data-medium-file=\"https:\/\/i1.wp.com\/assofwi.fr\/wp-content\/uploads\/2025\/09\/flyer-huiles-essentielles.png?fit=212%2C300&amp;ssl=1\" data-large-file=\"https:\/\/i1.wp.com\/assofwi.fr\/wp-content\/uploads\/2025\/09\/flyer-huiles-essentielles.png?fit=525%2C743&amp;ssl=1\" loading=\"lazy\" width=\"525\" height=\"743\" src=\"https:\/\/i1.wp.com\/assofwi.fr\/wp-content\/uploads\/2025\/09\/flyer-huiles-essentielles-724x1024.png?resize=525%2C743&#038;ssl=1\" alt=\"\" class=\"wp-image-1249\" srcset=\"https:\/\/i1.wp.com\/assofwi.fr\/wp-content\/uploads\/2025\/09\/flyer-huiles-essentielles.png?resize=724%2C1024&amp;ssl=1 724w, https:\/\/i1.wp.com\/assofwi.fr\/wp-content\/uploads\/2025\/09\/flyer-huiles-essentielles.png?resize=212%2C300&amp;ssl=1 212w, https:\/\/i1.wp.com\/assofwi.fr\/wp-content\/uploads\/2025\/09\/flyer-huiles-essentielles.png?resize=768%2C1086&amp;ssl=1 768w, https:\/\/i1.wp.com\/assofwi.fr\/wp-content\/uploads\/2025\/09\/flyer-huiles-essentielles.png?resize=1086%2C1536&amp;ssl=1 1086w, https:\/\/i1.wp.com\/assofwi.fr\/wp-content\/uploads\/2025\/09\/flyer-huiles-essentielles.png?w=1414&amp;ssl=1 1414w\" sizes=\"(max-width: 525px) 100vw, 525px\" data-recalc-dims=\"1\" \/><\/a><\/figure>\n\n\n\n<p><strong>Formation \u00ab\u00a0Culture et Valorisation du Manioc\u00a0\u00bb<\/strong><\/p>\n\n\n\n<figure class=\"wp-block-image size-large\"><a href=\"https:\/\/assofwi.fr\/wp-content\/uploads\/2025\/07\/flyer-culture-et-valorisation-du-manioc.pdf\"><img src=\"https:\/\/i2.wp.com\/assofwi.fr\/wp-content\/uploads\/2025\/07\/flyer-culture-et-valorisation-du-manioc.png?resize=525%2C743&#038;ssl=1\" alt=\"\" class=\"wp-image-1234\" data-recalc-dims=\"1\"\/><\/a><\/figure>\n","protected":false},"excerpt":{"rendered":"<p>L&rsquo;Assofwi propose chaque ann\u00e9e des formations diff\u00e9rentes, r\u00e9pondant en priorit\u00e9 aux demandes des agriculteurs. Parmi les formations mises en place \u00e0 l&rsquo;Assofwi, il y a: Conduite d&rsquo;un verger La culture du pitaya Taille et multiplication des arbres fruitiers Introduction \u00e0 l&rsquo;agroforesterie Culture et transformation du caf\u00e9 Culture et transformation du cacao Agrotransformation Fertilisation raisonn\u00e9e des &hellip; <\/p>\n<p class=\"link-more\"><a href=\"https:\/\/assofwi.fr\/?page_id=115\" class=\"more-link\">Continuer la lecture<span class=\"screen-reader-text\"> de &laquo;&nbsp;Les formations propos\u00e9es&nbsp;&raquo;<\/span><\/a><\/p>\n","protected":false},"author":1,"featured_media":0,"parent":0,"menu_order":0,"comment_status":"closed","ping_status":"closed","template":"","meta":{"spay_email":""},"jetpack_sharing_enabled":true,"jetpack_shortlink":"https:\/\/wp.me\/Pa25wg-1R","jetpack-related-posts":[],"_links":{"self":[{"href":"https:\/\/assofwi.fr\/index.php?rest_route=\/wp\/v2\/pages\/115"}],"collection":[{"href":"https:\/\/assofwi.fr\/index.php?rest_route=\/wp\/v2\/pages"}],"about":[{"href":"https:\/\/assofwi.fr\/index.php?rest_route=\/wp\/v2\/types\/page"}],"author":[{"embeddable":true,"href":"https:\/\/assofwi.fr\/index.php?rest_route=\/wp\/v2\/users\/1"}],"replies":[{"embeddable":true,"href":"https:\/\/assofwi.fr\/index.php?rest_route=%2Fwp%2Fv2%2Fcomments&post=115"}],"version-history":[{"count":48,"href":"https:\/\/assofwi.fr\/index.php?rest_route=\/wp\/v2\/pages\/115\/revisions"}],"predecessor-version":[{"id":1414,"href":"https:\/\/assofwi.fr\/index.php?rest_route=\/wp\/v2\/pages\/115\/revisions\/1414"}],"wp:attachment":[{"href":"https:\/\/assofwi.fr\/index.php?rest_route=%2Fwp%2Fv2%2Fmedia&parent=115"}],"curies":[{"name":"wp","href":"https:\/\/api.w.org\/{rel}","templated":true}]}}