{"id":1212,"date":"2025-07-08T15:00:10","date_gmt":"2025-07-08T13:00:10","guid":{"rendered":"https:\/\/assofwi.fr\/?page_id=1212"},"modified":"2025-07-08T17:17:10","modified_gmt":"2025-07-08T15:17:10","slug":"le-laboratoire-dagrotransformation","status":"publish","type":"page","link":"https:\/\/assofwi.fr\/?page_id=1212","title":{"rendered":"Le Laboratoire d&rsquo;agrotransformation"},"content":{"rendered":"\n<p>L&rsquo;ASSOFWI dispose depuis 2021 d&rsquo;un atelier d&rsquo;agro transformation. <\/p>\n\n\n\n<p>Cet atelier \u00e0 \u00e9t\u00e9 financ\u00e9 par France Relance dans le cadre du projet \u00ab\u00a0alimentation locale et solidaire\u00a0\u00bb de 2021.<\/p>\n\n\n\n<p>Notre association met \u00e0 disposition ce\u00a0<strong>laboratoire d\u2019agrotransformation<\/strong>\u00a0moderne, d\u00e9di\u00e9 \u00e0 <strong>la valorisation des produits agricoles<\/strong> des producteurs.  <\/p>\n\n\n\n<p>Ce lieu \u00e9quip\u00e9 permet la transformation de mati\u00e8res premi\u00e8res en produits alimentaires finis, dans des <strong>conditions d\u2019hygi\u00e8ne et de s\u00e9curit\u00e9 optimales.<\/strong><\/p>\n\n\n\n<p>Le laboratoire est \u00e9galement\u00a0<strong>climatis\u00e9<\/strong>, garantissant un environnement de travail confortable et adapt\u00e9 <strong>aux normes de conservation.<\/strong> Il peut aussi \u00eatre utilis\u00e9 pour des activit\u00e9s sp\u00e9cifiques comme\u00a0<strong>l\u2019extraction de miel<\/strong> ,<strong> la r\u00e9alisation de fruits d\u00e9shydrat\u00e9s<\/strong>, <strong>de farines divers<\/strong>, <strong>les pr\u00e9parations concernant les produits agricosm\u00e9tiques<\/strong>, <strong>la st\u00e9rilisation<\/strong>, et pour toutes <strong>autres transformations alimentaires<\/strong>. <\/p>\n\n\n\n<p>Sur place, vous trouverez diff\u00e9rents&nbsp;<strong>ustensiles et \u00e9quipements<\/strong>&nbsp;mis \u00e0 disposition pour faciliter le travail des producteurs et artisans agroalimentaires.<\/p>\n\n\n\n<p>Un v\u00e9ritable outil au service de la qualit\u00e9 et de l\u2019autonomie locale !<\/p>\n\n\n\n<div class=\"wp-block-jetpack-slideshow aligncenter\" data-effect=\"slide\"><div class=\"wp-block-jetpack-slideshow_container swiper-container\"><ul class=\"wp-block-jetpack-slideshow_swiper-wrapper swiper-wrapper\"><li class=\"wp-block-jetpack-slideshow_slide swiper-slide\"><figure><img loading=\"lazy\" width=\"525\" height=\"700\" alt=\"le four\" class=\"wp-block-jetpack-slideshow_image wp-image-1221\" data-id=\"1221\" src=\"https:\/\/i0.wp.com\/assofwi.fr\/wp-content\/uploads\/2025\/07\/le-four-labo-scaled.jpg?resize=525%2C700&#038;ssl=1\" srcset=\"https:\/\/i0.wp.com\/assofwi.fr\/wp-content\/uploads\/2025\/07\/le-four-labo-scaled.jpg?w=1920&amp;ssl=1 1920w, https:\/\/i0.wp.com\/assofwi.fr\/wp-content\/uploads\/2025\/07\/le-four-labo-scaled.jpg?resize=225%2C300&amp;ssl=1 225w, https:\/\/i0.wp.com\/assofwi.fr\/wp-content\/uploads\/2025\/07\/le-four-labo-scaled.jpg?resize=768%2C1024&amp;ssl=1 768w, https:\/\/i0.wp.com\/assofwi.fr\/wp-content\/uploads\/2025\/07\/le-four-labo-scaled.jpg?resize=1152%2C1536&amp;ssl=1 1152w, https:\/\/i0.wp.com\/assofwi.fr\/wp-content\/uploads\/2025\/07\/le-four-labo-scaled.jpg?resize=1536%2C2048&amp;ssl=1 1536w, https:\/\/i0.wp.com\/assofwi.fr\/wp-content\/uploads\/2025\/07\/le-four-labo-scaled.jpg?w=1050&amp;ssl=1 1050w\" sizes=\"(max-width: 767px) 89vw, (max-width: 1000px) 54vw, (max-width: 1071px) 543px, 580px\" data-recalc-dims=\"1\" \/><\/figure><\/li><li class=\"wp-block-jetpack-slideshow_slide swiper-slide\"><figure><img loading=\"lazy\" width=\"525\" height=\"700\" alt=\"le labo\" class=\"wp-block-jetpack-slideshow_image wp-image-1222\" data-id=\"1222\" src=\"https:\/\/i0.wp.com\/assofwi.fr\/wp-content\/uploads\/2025\/07\/photo-labo-1-scaled.jpg?resize=525%2C700&#038;ssl=1\" srcset=\"https:\/\/i0.wp.com\/assofwi.fr\/wp-content\/uploads\/2025\/07\/photo-labo-1-scaled.jpg?w=1920&amp;ssl=1 1920w, https:\/\/i0.wp.com\/assofwi.fr\/wp-content\/uploads\/2025\/07\/photo-labo-1-scaled.jpg?resize=225%2C300&amp;ssl=1 225w, https:\/\/i0.wp.com\/assofwi.fr\/wp-content\/uploads\/2025\/07\/photo-labo-1-scaled.jpg?resize=768%2C1024&amp;ssl=1 768w, https:\/\/i0.wp.com\/assofwi.fr\/wp-content\/uploads\/2025\/07\/photo-labo-1-scaled.jpg?resize=1152%2C1536&amp;ssl=1 1152w, https:\/\/i0.wp.com\/assofwi.fr\/wp-content\/uploads\/2025\/07\/photo-labo-1-scaled.jpg?resize=1536%2C2048&amp;ssl=1 1536w, https:\/\/i0.wp.com\/assofwi.fr\/wp-content\/uploads\/2025\/07\/photo-labo-1-scaled.jpg?w=1050&amp;ssl=1 1050w\" sizes=\"(max-width: 767px) 89vw, (max-width: 1000px) 54vw, (max-width: 1071px) 543px, 580px\" data-recalc-dims=\"1\" \/><\/figure><\/li><li class=\"wp-block-jetpack-slideshow_slide swiper-slide\"><figure><img loading=\"lazy\" width=\"525\" height=\"700\" alt=\"les \u00e9quipements\" class=\"wp-block-jetpack-slideshow_image wp-image-1217\" data-id=\"1217\" src=\"https:\/\/i2.wp.com\/assofwi.fr\/wp-content\/uploads\/2025\/07\/equipements-2-labo-scaled.jpg?resize=525%2C700&#038;ssl=1\" srcset=\"https:\/\/i2.wp.com\/assofwi.fr\/wp-content\/uploads\/2025\/07\/equipements-2-labo-scaled.jpg?w=1920&amp;ssl=1 1920w, https:\/\/i2.wp.com\/assofwi.fr\/wp-content\/uploads\/2025\/07\/equipements-2-labo-scaled.jpg?resize=225%2C300&amp;ssl=1 225w, https:\/\/i2.wp.com\/assofwi.fr\/wp-content\/uploads\/2025\/07\/equipements-2-labo-scaled.jpg?resize=768%2C1024&amp;ssl=1 768w, https:\/\/i2.wp.com\/assofwi.fr\/wp-content\/uploads\/2025\/07\/equipements-2-labo-scaled.jpg?resize=1152%2C1536&amp;ssl=1 1152w, https:\/\/i2.wp.com\/assofwi.fr\/wp-content\/uploads\/2025\/07\/equipements-2-labo-scaled.jpg?resize=1536%2C2048&amp;ssl=1 1536w, https:\/\/i2.wp.com\/assofwi.fr\/wp-content\/uploads\/2025\/07\/equipements-2-labo-scaled.jpg?w=1050&amp;ssl=1 1050w\" sizes=\"(max-width: 767px) 89vw, (max-width: 1000px) 54vw, (max-width: 1071px) 543px, 580px\" data-recalc-dims=\"1\" \/><\/figure><\/li><li class=\"wp-block-jetpack-slideshow_slide swiper-slide\"><figure><img loading=\"lazy\" width=\"525\" height=\"700\" alt=\"l'extracteur de miel\" class=\"wp-block-jetpack-slideshow_image wp-image-1218\" data-id=\"1218\" src=\"https:\/\/i2.wp.com\/assofwi.fr\/wp-content\/uploads\/2025\/07\/extracteur-de-miel-labo-scaled.jpg?resize=525%2C700&#038;ssl=1\" srcset=\"https:\/\/i2.wp.com\/assofwi.fr\/wp-content\/uploads\/2025\/07\/extracteur-de-miel-labo-scaled.jpg?w=1920&amp;ssl=1 1920w, https:\/\/i2.wp.com\/assofwi.fr\/wp-content\/uploads\/2025\/07\/extracteur-de-miel-labo-scaled.jpg?resize=225%2C300&amp;ssl=1 225w, https:\/\/i2.wp.com\/assofwi.fr\/wp-content\/uploads\/2025\/07\/extracteur-de-miel-labo-scaled.jpg?resize=768%2C1024&amp;ssl=1 768w, https:\/\/i2.wp.com\/assofwi.fr\/wp-content\/uploads\/2025\/07\/extracteur-de-miel-labo-scaled.jpg?resize=1152%2C1536&amp;ssl=1 1152w, https:\/\/i2.wp.com\/assofwi.fr\/wp-content\/uploads\/2025\/07\/extracteur-de-miel-labo-scaled.jpg?resize=1536%2C2048&amp;ssl=1 1536w, https:\/\/i2.wp.com\/assofwi.fr\/wp-content\/uploads\/2025\/07\/extracteur-de-miel-labo-scaled.jpg?w=1050&amp;ssl=1 1050w\" sizes=\"(max-width: 767px) 89vw, (max-width: 1000px) 54vw, (max-width: 1071px) 543px, 580px\" data-recalc-dims=\"1\" \/><\/figure><\/li><li class=\"wp-block-jetpack-slideshow_slide swiper-slide\"><figure><img loading=\"lazy\" width=\"525\" height=\"700\" alt=\"le d\u00e9shydrateur\" class=\"wp-block-jetpack-slideshow_image wp-image-1220\" data-id=\"1220\" src=\"https:\/\/i0.wp.com\/assofwi.fr\/wp-content\/uploads\/2025\/07\/le-deshydrateur-labo-scaled.jpg?resize=525%2C700&#038;ssl=1\" srcset=\"https:\/\/i0.wp.com\/assofwi.fr\/wp-content\/uploads\/2025\/07\/le-deshydrateur-labo-scaled.jpg?w=1920&amp;ssl=1 1920w, https:\/\/i0.wp.com\/assofwi.fr\/wp-content\/uploads\/2025\/07\/le-deshydrateur-labo-scaled.jpg?resize=225%2C300&amp;ssl=1 225w, https:\/\/i0.wp.com\/assofwi.fr\/wp-content\/uploads\/2025\/07\/le-deshydrateur-labo-scaled.jpg?resize=768%2C1024&amp;ssl=1 768w, https:\/\/i0.wp.com\/assofwi.fr\/wp-content\/uploads\/2025\/07\/le-deshydrateur-labo-scaled.jpg?resize=1152%2C1536&amp;ssl=1 1152w, https:\/\/i0.wp.com\/assofwi.fr\/wp-content\/uploads\/2025\/07\/le-deshydrateur-labo-scaled.jpg?resize=1536%2C2048&amp;ssl=1 1536w, https:\/\/i0.wp.com\/assofwi.fr\/wp-content\/uploads\/2025\/07\/le-deshydrateur-labo-scaled.jpg?w=1050&amp;ssl=1 1050w\" sizes=\"(max-width: 767px) 89vw, (max-width: 1000px) 54vw, (max-width: 1071px) 543px, 580px\" data-recalc-dims=\"1\" \/><\/figure><\/li><li class=\"wp-block-jetpack-slideshow_slide swiper-slide\"><figure><img loading=\"lazy\" width=\"525\" height=\"700\" alt=\"le frigo n\u00e9gatif\" class=\"wp-block-jetpack-slideshow_image wp-image-1219\" data-id=\"1219\" src=\"https:\/\/i2.wp.com\/assofwi.fr\/wp-content\/uploads\/2025\/07\/frigo-negatif-labo-scaled.jpg?resize=525%2C700&#038;ssl=1\" srcset=\"https:\/\/i2.wp.com\/assofwi.fr\/wp-content\/uploads\/2025\/07\/frigo-negatif-labo-scaled.jpg?w=1920&amp;ssl=1 1920w, https:\/\/i2.wp.com\/assofwi.fr\/wp-content\/uploads\/2025\/07\/frigo-negatif-labo-scaled.jpg?resize=225%2C300&amp;ssl=1 225w, https:\/\/i2.wp.com\/assofwi.fr\/wp-content\/uploads\/2025\/07\/frigo-negatif-labo-scaled.jpg?resize=768%2C1024&amp;ssl=1 768w, https:\/\/i2.wp.com\/assofwi.fr\/wp-content\/uploads\/2025\/07\/frigo-negatif-labo-scaled.jpg?resize=1152%2C1536&amp;ssl=1 1152w, https:\/\/i2.wp.com\/assofwi.fr\/wp-content\/uploads\/2025\/07\/frigo-negatif-labo-scaled.jpg?resize=1536%2C2048&amp;ssl=1 1536w, https:\/\/i2.wp.com\/assofwi.fr\/wp-content\/uploads\/2025\/07\/frigo-negatif-labo-scaled.jpg?w=1050&amp;ssl=1 1050w\" sizes=\"(max-width: 767px) 89vw, (max-width: 1000px) 54vw, (max-width: 1071px) 543px, 580px\" data-recalc-dims=\"1\" \/><\/figure><\/li><li class=\"wp-block-jetpack-slideshow_slide swiper-slide\"><figure><img loading=\"lazy\" width=\"525\" height=\"700\" alt=\"les \u00e9quipements\" class=\"wp-block-jetpack-slideshow_image wp-image-1216\" data-id=\"1216\" src=\"https:\/\/i0.wp.com\/assofwi.fr\/wp-content\/uploads\/2025\/07\/equipements-1-labo-scaled.jpg?resize=525%2C700&#038;ssl=1\" srcset=\"https:\/\/i0.wp.com\/assofwi.fr\/wp-content\/uploads\/2025\/07\/equipements-1-labo-scaled.jpg?w=1920&amp;ssl=1 1920w, https:\/\/i0.wp.com\/assofwi.fr\/wp-content\/uploads\/2025\/07\/equipements-1-labo-scaled.jpg?resize=225%2C300&amp;ssl=1 225w, https:\/\/i0.wp.com\/assofwi.fr\/wp-content\/uploads\/2025\/07\/equipements-1-labo-scaled.jpg?resize=768%2C1024&amp;ssl=1 768w, https:\/\/i0.wp.com\/assofwi.fr\/wp-content\/uploads\/2025\/07\/equipements-1-labo-scaled.jpg?resize=1152%2C1536&amp;ssl=1 1152w, https:\/\/i0.wp.com\/assofwi.fr\/wp-content\/uploads\/2025\/07\/equipements-1-labo-scaled.jpg?resize=1536%2C2048&amp;ssl=1 1536w, https:\/\/i0.wp.com\/assofwi.fr\/wp-content\/uploads\/2025\/07\/equipements-1-labo-scaled.jpg?w=1050&amp;ssl=1 1050w\" sizes=\"(max-width: 767px) 89vw, (max-width: 1000px) 54vw, (max-width: 1071px) 543px, 580px\" data-recalc-dims=\"1\" \/><\/figure><\/li><li class=\"wp-block-jetpack-slideshow_slide swiper-slide\"><figure><img loading=\"lazy\" width=\"525\" height=\"700\" alt=\"vue d'ensemble des ustensiles\" class=\"wp-block-jetpack-slideshow_image wp-image-1223\" data-id=\"1223\" src=\"https:\/\/i2.wp.com\/assofwi.fr\/wp-content\/uploads\/2025\/07\/photo-labo-2-scaled.jpg?resize=525%2C700&#038;ssl=1\" srcset=\"https:\/\/i2.wp.com\/assofwi.fr\/wp-content\/uploads\/2025\/07\/photo-labo-2-scaled.jpg?w=1920&amp;ssl=1 1920w, https:\/\/i2.wp.com\/assofwi.fr\/wp-content\/uploads\/2025\/07\/photo-labo-2-scaled.jpg?resize=225%2C300&amp;ssl=1 225w, https:\/\/i2.wp.com\/assofwi.fr\/wp-content\/uploads\/2025\/07\/photo-labo-2-scaled.jpg?resize=768%2C1024&amp;ssl=1 768w, https:\/\/i2.wp.com\/assofwi.fr\/wp-content\/uploads\/2025\/07\/photo-labo-2-scaled.jpg?resize=1152%2C1536&amp;ssl=1 1152w, https:\/\/i2.wp.com\/assofwi.fr\/wp-content\/uploads\/2025\/07\/photo-labo-2-scaled.jpg?resize=1536%2C2048&amp;ssl=1 1536w, https:\/\/i2.wp.com\/assofwi.fr\/wp-content\/uploads\/2025\/07\/photo-labo-2-scaled.jpg?w=1050&amp;ssl=1 1050w\" sizes=\"(max-width: 767px) 89vw, (max-width: 1000px) 54vw, (max-width: 1071px) 543px, 580px\" data-recalc-dims=\"1\" \/><\/figure><\/li><li class=\"wp-block-jetpack-slideshow_slide swiper-slide\"><figure><img loading=\"lazy\" width=\"525\" height=\"700\" alt=\"le st\u00e9rilisateur bocaux\" class=\"wp-block-jetpack-slideshow_image wp-image-1224\" data-id=\"1224\" src=\"https:\/\/i0.wp.com\/assofwi.fr\/wp-content\/uploads\/2025\/07\/sterilisateur-bocaux-labo-scaled.jpg?resize=525%2C700&#038;ssl=1\" srcset=\"https:\/\/i0.wp.com\/assofwi.fr\/wp-content\/uploads\/2025\/07\/sterilisateur-bocaux-labo-scaled.jpg?w=1920&amp;ssl=1 1920w, https:\/\/i0.wp.com\/assofwi.fr\/wp-content\/uploads\/2025\/07\/sterilisateur-bocaux-labo-scaled.jpg?resize=225%2C300&amp;ssl=1 225w, https:\/\/i0.wp.com\/assofwi.fr\/wp-content\/uploads\/2025\/07\/sterilisateur-bocaux-labo-scaled.jpg?resize=768%2C1024&amp;ssl=1 768w, https:\/\/i0.wp.com\/assofwi.fr\/wp-content\/uploads\/2025\/07\/sterilisateur-bocaux-labo-scaled.jpg?resize=1152%2C1536&amp;ssl=1 1152w, https:\/\/i0.wp.com\/assofwi.fr\/wp-content\/uploads\/2025\/07\/sterilisateur-bocaux-labo-scaled.jpg?resize=1536%2C2048&amp;ssl=1 1536w, https:\/\/i0.wp.com\/assofwi.fr\/wp-content\/uploads\/2025\/07\/sterilisateur-bocaux-labo-scaled.jpg?w=1050&amp;ssl=1 1050w\" sizes=\"(max-width: 767px) 89vw, (max-width: 1000px) 54vw, (max-width: 1071px) 543px, 580px\" data-recalc-dims=\"1\" \/><\/figure><\/li><li class=\"wp-block-jetpack-slideshow_slide swiper-slide\"><figure><img loading=\"lazy\" width=\"525\" height=\"700\" alt=\"les \u00e9quipements\" class=\"wp-block-jetpack-slideshow_image wp-image-1225\" data-id=\"1225\" src=\"https:\/\/i1.wp.com\/assofwi.fr\/wp-content\/uploads\/2025\/07\/tiroir-1-labo-scaled.jpg?resize=525%2C700&#038;ssl=1\" srcset=\"https:\/\/i1.wp.com\/assofwi.fr\/wp-content\/uploads\/2025\/07\/tiroir-1-labo-scaled.jpg?w=1920&amp;ssl=1 1920w, https:\/\/i1.wp.com\/assofwi.fr\/wp-content\/uploads\/2025\/07\/tiroir-1-labo-scaled.jpg?resize=225%2C300&amp;ssl=1 225w, https:\/\/i1.wp.com\/assofwi.fr\/wp-content\/uploads\/2025\/07\/tiroir-1-labo-scaled.jpg?resize=768%2C1024&amp;ssl=1 768w, https:\/\/i1.wp.com\/assofwi.fr\/wp-content\/uploads\/2025\/07\/tiroir-1-labo-scaled.jpg?resize=1152%2C1536&amp;ssl=1 1152w, https:\/\/i1.wp.com\/assofwi.fr\/wp-content\/uploads\/2025\/07\/tiroir-1-labo-scaled.jpg?resize=1536%2C2048&amp;ssl=1 1536w, https:\/\/i1.wp.com\/assofwi.fr\/wp-content\/uploads\/2025\/07\/tiroir-1-labo-scaled.jpg?w=1050&amp;ssl=1 1050w\" sizes=\"(max-width: 767px) 89vw, (max-width: 1000px) 54vw, (max-width: 1071px) 543px, 580px\" data-recalc-dims=\"1\" \/><\/figure><\/li><li class=\"wp-block-jetpack-slideshow_slide swiper-slide\"><figure><img loading=\"lazy\" width=\"525\" height=\"700\" alt=\"les \u00e9quipements\" class=\"wp-block-jetpack-slideshow_image wp-image-1226\" data-id=\"1226\" src=\"https:\/\/i2.wp.com\/assofwi.fr\/wp-content\/uploads\/2025\/07\/tiroir-2-labo-scaled.jpg?resize=525%2C700&#038;ssl=1\" srcset=\"https:\/\/i2.wp.com\/assofwi.fr\/wp-content\/uploads\/2025\/07\/tiroir-2-labo-scaled.jpg?w=1920&amp;ssl=1 1920w, https:\/\/i2.wp.com\/assofwi.fr\/wp-content\/uploads\/2025\/07\/tiroir-2-labo-scaled.jpg?resize=225%2C300&amp;ssl=1 225w, https:\/\/i2.wp.com\/assofwi.fr\/wp-content\/uploads\/2025\/07\/tiroir-2-labo-scaled.jpg?resize=768%2C1024&amp;ssl=1 768w, https:\/\/i2.wp.com\/assofwi.fr\/wp-content\/uploads\/2025\/07\/tiroir-2-labo-scaled.jpg?resize=1152%2C1536&amp;ssl=1 1152w, https:\/\/i2.wp.com\/assofwi.fr\/wp-content\/uploads\/2025\/07\/tiroir-2-labo-scaled.jpg?resize=1536%2C2048&amp;ssl=1 1536w, https:\/\/i2.wp.com\/assofwi.fr\/wp-content\/uploads\/2025\/07\/tiroir-2-labo-scaled.jpg?w=1050&amp;ssl=1 1050w\" sizes=\"(max-width: 767px) 89vw, (max-width: 1000px) 54vw, (max-width: 1071px) 543px, 580px\" data-recalc-dims=\"1\" \/><\/figure><\/li><li class=\"wp-block-jetpack-slideshow_slide swiper-slide\"><figure><img loading=\"lazy\" width=\"525\" height=\"700\" alt=\"les ustensiles\" class=\"wp-block-jetpack-slideshow_image wp-image-1227\" data-id=\"1227\" src=\"https:\/\/i1.wp.com\/assofwi.fr\/wp-content\/uploads\/2025\/07\/ustensiles-1-labo-scaled.jpg?resize=525%2C700&#038;ssl=1\" srcset=\"https:\/\/i1.wp.com\/assofwi.fr\/wp-content\/uploads\/2025\/07\/ustensiles-1-labo-scaled.jpg?w=1920&amp;ssl=1 1920w, https:\/\/i1.wp.com\/assofwi.fr\/wp-content\/uploads\/2025\/07\/ustensiles-1-labo-scaled.jpg?resize=225%2C300&amp;ssl=1 225w, https:\/\/i1.wp.com\/assofwi.fr\/wp-content\/uploads\/2025\/07\/ustensiles-1-labo-scaled.jpg?resize=768%2C1024&amp;ssl=1 768w, https:\/\/i1.wp.com\/assofwi.fr\/wp-content\/uploads\/2025\/07\/ustensiles-1-labo-scaled.jpg?resize=1152%2C1536&amp;ssl=1 1152w, https:\/\/i1.wp.com\/assofwi.fr\/wp-content\/uploads\/2025\/07\/ustensiles-1-labo-scaled.jpg?resize=1536%2C2048&amp;ssl=1 1536w, https:\/\/i1.wp.com\/assofwi.fr\/wp-content\/uploads\/2025\/07\/ustensiles-1-labo-scaled.jpg?w=1050&amp;ssl=1 1050w\" sizes=\"(max-width: 767px) 89vw, (max-width: 1000px) 54vw, (max-width: 1071px) 543px, 580px\" data-recalc-dims=\"1\" \/><\/figure><\/li><li class=\"wp-block-jetpack-slideshow_slide swiper-slide\"><figure><img loading=\"lazy\" width=\"525\" height=\"700\" alt=\"les ustensiles\" class=\"wp-block-jetpack-slideshow_image wp-image-1228\" data-id=\"1228\" src=\"https:\/\/i2.wp.com\/assofwi.fr\/wp-content\/uploads\/2025\/07\/ustensiles-2-labo-scaled.jpg?resize=525%2C700&#038;ssl=1\" srcset=\"https:\/\/i2.wp.com\/assofwi.fr\/wp-content\/uploads\/2025\/07\/ustensiles-2-labo-scaled.jpg?w=1920&amp;ssl=1 1920w, https:\/\/i2.wp.com\/assofwi.fr\/wp-content\/uploads\/2025\/07\/ustensiles-2-labo-scaled.jpg?resize=225%2C300&amp;ssl=1 225w, https:\/\/i2.wp.com\/assofwi.fr\/wp-content\/uploads\/2025\/07\/ustensiles-2-labo-scaled.jpg?resize=768%2C1024&amp;ssl=1 768w, https:\/\/i2.wp.com\/assofwi.fr\/wp-content\/uploads\/2025\/07\/ustensiles-2-labo-scaled.jpg?resize=1152%2C1536&amp;ssl=1 1152w, https:\/\/i2.wp.com\/assofwi.fr\/wp-content\/uploads\/2025\/07\/ustensiles-2-labo-scaled.jpg?resize=1536%2C2048&amp;ssl=1 1536w, https:\/\/i2.wp.com\/assofwi.fr\/wp-content\/uploads\/2025\/07\/ustensiles-2-labo-scaled.jpg?w=1050&amp;ssl=1 1050w\" sizes=\"(max-width: 767px) 89vw, (max-width: 1000px) 54vw, (max-width: 1071px) 543px, 580px\" data-recalc-dims=\"1\" \/><\/figure><\/li><\/ul><a class=\"wp-block-jetpack-slideshow_button-prev swiper-button-prev swiper-button-white\" role=\"button\"><\/a><a class=\"wp-block-jetpack-slideshow_button-next swiper-button-next swiper-button-white\" role=\"button\"><\/a><a aria-label=\"Pause Slideshow\" class=\"wp-block-jetpack-slideshow_button-pause\" role=\"button\"><\/a><div class=\"wp-block-jetpack-slideshow_pagination swiper-pagination swiper-pagination-white\"><\/div><\/div><\/div>\n\n\n\n<p>Pour toutes questions relatives \u00e0 la location du laboratoire veuillez contacter : <\/p>\n\n\n\n<p><strong>Muguette Albert<\/strong>, <em>responsable administratif \u00e0 l&rsquo;ASSOFWI<\/em><\/p>\n\n\n\n<div itemprop=\"location\" itemscope itemtype=\"http:\/\/schema.org\/Organization\" class=\"wp-block-jetpack-contact-info\">\n<div class=\"wp-block-jetpack-email\">mail : <a itemprop=\"email\" href=\"mailto:albert.assofwi@yahoo.fr\">albert.assofwi@yahoo.fr<\/a><\/div>\n\n\n\n<div class=\"wp-block-jetpack-phone\"><span class=\"phone-prefix\">t\u00e9l\u00e9phone : <\/span><span itemprop=\"telephone\"><a href=\"tel:0690538323\">06 90 53 83 23 <\/a><\/span><\/div>\n\n\n\n<div itemprop=\"address\" itemscope itemtype=\"http:\/\/schema.org\/PostalAddress\" class=\"wp-block-jetpack-address\" ><div itemprop=\"streetAddress\" class=\"jetpack-address__address jetpack-address__address1\"> <\/div><\/div>\n\n\n\n<p><\/p>\n<\/div>\n","protected":false},"excerpt":{"rendered":"<p>L&rsquo;ASSOFWI dispose depuis 2021 d&rsquo;un atelier d&rsquo;agro transformation. Cet atelier \u00e0 \u00e9t\u00e9 financ\u00e9 par France Relance dans le cadre du projet \u00ab\u00a0alimentation locale et solidaire\u00a0\u00bb de 2021. Notre association met \u00e0 disposition ce\u00a0laboratoire d\u2019agrotransformation\u00a0moderne, d\u00e9di\u00e9 \u00e0 la valorisation des produits agricoles des producteurs. Ce lieu \u00e9quip\u00e9 permet la transformation de mati\u00e8res premi\u00e8res en produits alimentaires &hellip; <\/p>\n<p class=\"link-more\"><a href=\"https:\/\/assofwi.fr\/?page_id=1212\" class=\"more-link\">Continuer la lecture<span class=\"screen-reader-text\"> de &laquo;&nbsp;Le Laboratoire d&rsquo;agrotransformation&nbsp;&raquo;<\/span><\/a><\/p>\n","protected":false},"author":1,"featured_media":0,"parent":0,"menu_order":0,"comment_status":"closed","ping_status":"closed","template":"","meta":{"spay_email":""},"jetpack_sharing_enabled":true,"jetpack_shortlink":"https:\/\/wp.me\/Pa25wg-jy","jetpack-related-posts":[],"_links":{"self":[{"href":"https:\/\/assofwi.fr\/index.php?rest_route=\/wp\/v2\/pages\/1212"}],"collection":[{"href":"https:\/\/assofwi.fr\/index.php?rest_route=\/wp\/v2\/pages"}],"about":[{"href":"https:\/\/assofwi.fr\/index.php?rest_route=\/wp\/v2\/types\/page"}],"author":[{"embeddable":true,"href":"https:\/\/assofwi.fr\/index.php?rest_route=\/wp\/v2\/users\/1"}],"replies":[{"embeddable":true,"href":"https:\/\/assofwi.fr\/index.php?rest_route=%2Fwp%2Fv2%2Fcomments&post=1212"}],"version-history":[{"count":2,"href":"https:\/\/assofwi.fr\/index.php?rest_route=\/wp\/v2\/pages\/1212\/revisions"}],"predecessor-version":[{"id":1229,"href":"https:\/\/assofwi.fr\/index.php?rest_route=\/wp\/v2\/pages\/1212\/revisions\/1229"}],"wp:attachment":[{"href":"https:\/\/assofwi.fr\/index.php?rest_route=%2Fwp%2Fv2%2Fmedia&parent=1212"}],"curies":[{"name":"wp","href":"https:\/\/api.w.org\/{rel}","templated":true}]}}