{"id":151,"date":"2018-06-28T21:25:59","date_gmt":"2018-06-28T19:25:59","guid":{"rendered":"http:\/\/assofwi.fr\/?page_id=151"},"modified":"2025-02-10T14:23:59","modified_gmt":"2025-02-10T13:23:59","slug":"essai-experimentaux","status":"publish","type":"page","link":"https:\/\/assofwi.fr\/?page_id=151","title":{"rendered":"Projets exp\u00e9rimentaux"},"content":{"rendered":"\n<p><strong>Un centre exp\u00e9rimental en agriculture durable<\/strong><\/p>\n\n\n\n<p>En 2011, le site exp\u00e9rimental du Cirad de Vieux-Habitants \u00e0 \u00e9t\u00e9 repris en gestion par l&rsquo;ASSOFWI.<\/p>\n\n\n\n<p>Depuis, l&rsquo;association s&rsquo;est engag\u00e9e dans un projet collectif de mise en place de parcelles pilotes en vu d&rsquo;y d\u00e9velopper des techniques agricoles durables. <\/p>\n\n\n\n<p>L&rsquo;Assofwi participe \u00e0 des projets de recherche, de d\u00e9veloppement et d&rsquo;exp\u00e9rimentations. <\/p>\n\n\n\n<p>Il s&rsquo;agit de projets autour de l&rsquo;agro\u00e9cologie, de l&rsquo;agrotransformation, du d\u00e9veloppement des fili\u00e8res fruits, l\u00e9gumes agroforesterie, des adaptations au changement climatique&#8230;<\/p>\n\n\n\n<div style=\"height:100px\" aria-hidden=\"true\" class=\"wp-block-spacer\"><\/div>\n\n\n\n<p><strong>Pr\u00e9sentation de nos derniers projets exp\u00e9rimentaux:<\/strong><\/p>\n\n\n\n<p>&#8211; <strong>BIODIVERSITY BIO2D <\/strong>2022-2023 :&nbsp;<\/p>\n\n\n\n<p>Renforcer la capacit\u00e9 de r\u00e9silience des agro\u00e9cosyst\u00e8mes des \u00eeles des Petites Antilles en caract\u00e9risant la biodiversit\u00e9 agricole cultiv\u00e9e, en vue de la pr\u00e9server et de la valoriser.<\/p>\n\n\n\n<p><\/p>\n\n\n\n<p><a href=\"https:\/\/assofwi.fr\/wp-content\/uploads\/2025\/02\/Rapport-Activites-ASSOFWI-Bio2D-VF.pdf\" target=\"_blank\" rel=\"noreferrer noopener\">(acc\u00e9der au rapport d&rsquo;activit\u00e9 et livrables du projet BIO2D)<\/a> <\/p>\n\n\n\n<div style=\"height:100px\" aria-hidden=\"true\" class=\"wp-block-spacer\"><\/div>\n\n\n\n<p><br>&#8211; <strong>REVAI<\/strong>&nbsp;&nbsp;\u00ab\u00a0R\u00e9seau d\u2019\u00e9valuation participative de&nbsp;Vari\u00e9t\u00e9s&nbsp;Innovantes\u00a0\u00bb&nbsp;2023-2024 : &nbsp;<\/p>\n\n\n\n<p>Assurer l\u2019accessibilit\u00e9 et l\u2019adoption par les producteurs de vari\u00e9t\u00e9s innovantes et de diversification de quatre cultures majeures en Guadeloupe que sont les agrumes, ignames, bananes \u00e0 cuire et bananes dessert.&nbsp;<\/p>\n\n\n\n<p><a href=\"https:\/\/assofwi.fr\/wp-content\/uploads\/2025\/02\/Fiche-Technique-Fertilisation_Agrumes_CIRAD_22juil24.pdf\">Fiche Technique &#8211; Fertilisation_Agrumes_CIRAD_22juil24<\/a><\/p>\n\n\n\n<p><a href=\"https:\/\/assofwi.fr\/wp-content\/uploads\/2025\/02\/Poster_-REVAI_Reseau-evaluation-igname.pdf\">Poster_ REVAI_R\u00e9seau \u00e9valuation igname<\/a><\/p>\n\n\n\n<p><a href=\"https:\/\/assofwi.fr\/wp-content\/uploads\/2025\/02\/Poster_-REVAI_Virus-igname.pdf\">Poster_ REVAI_Virus igname<\/a><\/p>\n\n\n\n<p><a href=\"https:\/\/assofwi.fr\/wp-content\/uploads\/2025\/02\/Poster-REVAI_Reseau-banane.pdf\">Poster- REVAI_Reseau banane<\/a><\/p>\n\n\n\n<p><a href=\"https:\/\/assofwi.fr\/wp-content\/uploads\/2025\/02\/Poster_-REVAI_Reseau-evaluation-agrume.pdf\">Poster_ REVAI_R\u00e9seau \u00e9valuation agrume<\/a><\/p>\n\n\n\n<p><a href=\"https:\/\/assofwi.fr\/wp-content\/uploads\/2025\/02\/Poster_-REVAI_Plantain-banane-a-cuire.pdf\">Poster_ REVAI_Plantain banane \u00e0 cuire<\/a><\/p>\n\n\n\n<p>CIRAD- R\u00e9seau d&rsquo;\u00e9valuation participative de vari\u00e9t\u00e9 d&rsquo;igname en Guadeloupe (essais exp\u00e9rimentaux sur l&rsquo;igname) :<\/p>\n\n\n\n<figure class=\"wp-block-embed-vimeo wp-block-embed is-type-video is-provider-vimeo wp-embed-aspect-16-9 wp-has-aspect-ratio\"><div class=\"wp-block-embed__wrapper\">\n<div class=\"embed-vimeo\" style=\"text-align: center;\"><iframe src=\"https:\/\/player.vimeo.com\/video\/1015526304\" width=\"525\" height=\"295\" frameborder=\"0\" webkitallowfullscreen mozallowfullscreen allowfullscreen><\/iframe><\/div>\n<\/div><\/figure>\n\n\n\n<div style=\"height:100px\" aria-hidden=\"true\" class=\"wp-block-spacer\"><\/div>\n\n\n\n<p><br>&#8211; <strong>TRANSVERSAL<\/strong>&nbsp;\u00ab&nbsp;Am\u00e9liorer la Diversit\u00e9 et la Qualit\u00e9 des produits agricoles locaux frais et Transform\u00e9s&nbsp;\u00bb&nbsp;2023-2024:&nbsp; <\/p>\n\n\n\n<p>D\u00e9marche int\u00e9gr\u00e9e, de la production \u00e0 la commercialisation, de produits frais et transform\u00e9s qui vise \u00e0&nbsp;am\u00e9liorer la diversit\u00e9 et la qualit\u00e9 des produits agricoles. Cela en s\u2019appuyant sur des vari\u00e9t\u00e9s performantes et en mettant au point des proc\u00e9d\u00e9s de conservation. <\/p>\n\n\n\n<p><\/p>\n\n\n\n<div class=\"wp-block-group\"><div class=\"wp-block-group__inner-container\">\n<p><a href=\"https:\/\/assofwi.fr\/wp-content\/uploads\/2025\/02\/fiches-varietales-mangues-Irwin-Nam-doc-Mai-Keitt-Valencia-Pride.pdf\">fiches vari\u00e9tales mangues &#8211; Irwin, Nam doc Ma\u00ef, Keitt, Valencia Pride<\/a><\/p>\n\n\n\n<p><a href=\"https:\/\/assofwi.fr\/wp-content\/uploads\/2025\/02\/Poster-Transversal_Igname.pdf\">Poster Transversal_Igname<\/a><\/p>\n\n\n\n<p><a href=\"https:\/\/assofwi.fr\/wp-content\/uploads\/2025\/02\/Poster-Transversal_Mangue.pdf\">Poster Transversal_Mangue<\/a><\/p>\n\n\n\n<p><a href=\"https:\/\/assofwi.fr\/wp-content\/uploads\/2025\/02\/Presentation-fin-de-stage-TRANSVERSAL-Mailys-2024.pdf\">Pr\u00e9sentation fin de stage &#8211; TRANSVERSAL &#8211; Ma\u00eflys 2024<\/a><\/p>\n\n\n\n<p><\/p>\n<\/div><\/div>\n\n\n\n<div class=\"wp-block-group\"><div class=\"wp-block-group__inner-container\"><\/div><\/div>\n","protected":false},"excerpt":{"rendered":"<p>Un centre exp\u00e9rimental en agriculture durable En 2011, le site exp\u00e9rimental du Cirad de Vieux-Habitants \u00e0 \u00e9t\u00e9 repris en gestion par l&rsquo;ASSOFWI. Depuis, l&rsquo;association s&rsquo;est engag\u00e9e dans un projet collectif de mise en place de parcelles pilotes en vu d&rsquo;y d\u00e9velopper des techniques agricoles durables. L&rsquo;Assofwi participe \u00e0 des projets de recherche, de d\u00e9veloppement et &hellip; <\/p>\n<p class=\"link-more\"><a href=\"https:\/\/assofwi.fr\/?page_id=151\" class=\"more-link\">Continuer la lecture<span class=\"screen-reader-text\"> de &laquo;&nbsp;Projets exp\u00e9rimentaux&nbsp;&raquo;<\/span><\/a><\/p>\n","protected":false},"author":1,"featured_media":0,"parent":0,"menu_order":0,"comment_status":"closed","ping_status":"closed","template":"","meta":{"spay_email":""},"jetpack_sharing_enabled":true,"jetpack_shortlink":"https:\/\/wp.me\/Pa25wg-2r","jetpack-related-posts":[],"_links":{"self":[{"href":"https:\/\/assofwi.fr\/index.php?rest_route=\/wp\/v2\/pages\/151"}],"collection":[{"href":"https:\/\/assofwi.fr\/index.php?rest_route=\/wp\/v2\/pages"}],"about":[{"href":"https:\/\/assofwi.fr\/index.php?rest_route=\/wp\/v2\/types\/page"}],"author":[{"embeddable":true,"href":"https:\/\/assofwi.fr\/index.php?rest_route=\/wp\/v2\/users\/1"}],"replies":[{"embeddable":true,"href":"https:\/\/assofwi.fr\/index.php?rest_route=%2Fwp%2Fv2%2Fcomments&post=151"}],"version-history":[{"count":23,"href":"https:\/\/assofwi.fr\/index.php?rest_route=\/wp\/v2\/pages\/151\/revisions"}],"predecessor-version":[{"id":1136,"href":"https:\/\/assofwi.fr\/index.php?rest_route=\/wp\/v2\/pages\/151\/revisions\/1136"}],"wp:attachment":[{"href":"https:\/\/assofwi.fr\/index.php?rest_route=%2Fwp%2Fv2%2Fmedia&parent=151"}],"curies":[{"name":"wp","href":"https:\/\/api.w.org\/{rel}","templated":true}]}}

Projets expérimentaux

<p><strong>Un centre expérimental en agriculture durable</strong></p>



<p>En 2011, le site expérimental du Cirad de Vieux-Habitants à été repris en gestion par l&rsquo;ASSOFWI.</p>



<p>Depuis, l&rsquo;association s&rsquo;est engagée dans un projet collectif de mise en place de parcelles pilotes en vu d&rsquo;y développer des techniques agricoles durables. </p>



<p>L&rsquo;Assofwi participe à des projets de recherche, de développement et d&rsquo;expérimentations. </p>



<p>Il s&rsquo;agit de projets autour de l&rsquo;agroécologie, de l&rsquo;agrotransformation, du développement des filières fruits, légumes agroforesterie, des adaptations au changement climatique&#8230;</p>



<div style="height:100px" aria-hidden="true" class="wp-block-spacer"></div>



<p><strong>Présentation de nos derniers projets expérimentaux:</strong></p>



<p>&#8211; <strong>BIODIVERSITY BIO2D </strong>2022-2023 :&nbsp;</p>



<p>Renforcer la capacité de résilience des agroécosystèmes des îles des Petites Antilles en caractérisant la biodiversité agricole cultivée, en vue de la préserver et de la valoriser.</p>



<p></p>



<p><a href="https://assofwi.fr/wp-content/uploads/2025/02/Rapport-Activites-ASSOFWI-Bio2D-VF.pdf" target="_blank" rel="noreferrer noopener">(accéder au rapport d&rsquo;activité et livrables du projet BIO2D)</a> </p>



<div style="height:100px" aria-hidden="true" class="wp-block-spacer"></div>



<p><br>&#8211; <strong>REVAI</strong>&nbsp;&nbsp;« Réseau d’évaluation participative de&nbsp;Variétés&nbsp;Innovantes »&nbsp;2023-2024 : &nbsp;</p>



<p>Assurer l’accessibilité et l’adoption par les producteurs de variétés innovantes et de diversification de quatre cultures majeures en Guadeloupe que sont les agrumes, ignames, bananes à cuire et bananes dessert.&nbsp;</p>



<p><a href="https://assofwi.fr/wp-content/uploads/2025/02/Fiche-Technique-Fertilisation_Agrumes_CIRAD_22juil24.pdf">Fiche Technique &#8211; Fertilisation_Agrumes_CIRAD_22juil24</a></p>



<p><a href="https://assofwi.fr/wp-content/uploads/2025/02/Poster_-REVAI_Reseau-evaluation-igname.pdf">Poster_ REVAI_Réseau évaluation igname</a></p>



<p><a href="https://assofwi.fr/wp-content/uploads/2025/02/Poster_-REVAI_Virus-igname.pdf">Poster_ REVAI_Virus igname</a></p>



<p><a href="https://assofwi.fr/wp-content/uploads/2025/02/Poster-REVAI_Reseau-banane.pdf">Poster- REVAI_Reseau banane</a></p>



<p><a href="https://assofwi.fr/wp-content/uploads/2025/02/Poster_-REVAI_Reseau-evaluation-agrume.pdf">Poster_ REVAI_Réseau évaluation agrume</a></p>



<p><a href="https://assofwi.fr/wp-content/uploads/2025/02/Poster_-REVAI_Plantain-banane-a-cuire.pdf">Poster_ REVAI_Plantain banane à cuire</a></p>



<p>CIRAD- Réseau d&rsquo;évaluation participative de variété d&rsquo;igname en Guadeloupe (essais expérimentaux sur l&rsquo;igname) :</p>



<figure class="wp-block-embed-vimeo wp-block-embed is-type-video is-provider-vimeo wp-embed-aspect-16-9 wp-has-aspect-ratio"><div class="wp-block-embed__wrapper">
<div class="embed-vimeo" style="text-align: center;"><iframe src="https://player.vimeo.com/video/1015526304" width="525" height="295" frameborder="0" webkitallowfullscreen mozallowfullscreen allowfullscreen></iframe></div>
</div></figure>



<div style="height:100px" aria-hidden="true" class="wp-block-spacer"></div>



<p><br>&#8211; <strong>TRANSVERSAL</strong>&nbsp;«&nbsp;Améliorer la Diversité et la Qualité des produits agricoles locaux frais et Transformés&nbsp;»&nbsp;2023-2024:&nbsp; </p>



<p>Démarche intégrée, de la production à la commercialisation, de produits frais et transformés qui vise à&nbsp;améliorer la diversité et la qualité des produits agricoles. Cela en s’appuyant sur des variétés performantes et en mettant au point des procédés de conservation. </p>



<p></p>



<div class="wp-block-group"><div class="wp-block-group__inner-container">
<p><a href="https://assofwi.fr/wp-content/uploads/2025/02/fiches-varietales-mangues-Irwin-Nam-doc-Mai-Keitt-Valencia-Pride.pdf">fiches variétales mangues &#8211; Irwin, Nam doc Maï, Keitt, Valencia Pride</a></p>



<p><a href="https://assofwi.fr/wp-content/uploads/2025/02/Poster-Transversal_Igname.pdf">Poster Transversal_Igname</a></p>



<p><a href="https://assofwi.fr/wp-content/uploads/2025/02/Poster-Transversal_Mangue.pdf">Poster Transversal_Mangue</a></p>



<p><a href="https://assofwi.fr/wp-content/uploads/2025/02/Presentation-fin-de-stage-TRANSVERSAL-Mailys-2024.pdf">Présentation fin de stage &#8211; TRANSVERSAL &#8211; Maïlys 2024</a></p>



<p></p>
</div></div>



<div class="wp-block-group"><div class="wp-block-group__inner-container"></div></div>

<p>Un centre expérimental en agriculture durable En 2011, le site expérimental du Cirad de Vieux-Habitants à été repris en gestion par l&rsquo;ASSOFWI. Depuis, l&rsquo;association s&rsquo;est engagée dans un projet collectif de mise en place de parcelles pilotes en vu d&rsquo;y développer des techniques agricoles durables. L&rsquo;Assofwi participe à des projets de recherche, de développement et &hellip; </p>
<p class="link-more"><a href="https://assofwi.fr/?page_id=151" class="more-link">Continuer la lecture<span class="screen-reader-text"> de &laquo;&nbsp;Projets expérimentaux&nbsp;&raquo;</span></a></p>
